CRAN Package Check Results for Package belex

Last updated on 2021-10-28 00:48:38 CEST.

Flavor Version Tinstall Tcheck Ttotal Status Flags
r-devel-linux-x86_64-debian-clang 0.1.0 2.15 19.27 21.42 NOTE
r-devel-linux-x86_64-debian-gcc 0.1.0 1.69 16.08 17.77 NOTE
r-devel-linux-x86_64-fedora-clang 0.1.0 37.80 NOTE
r-devel-linux-x86_64-fedora-gcc 0.1.0 27.15 NOTE
r-devel-windows-x86_64 0.1.0 4.00 36.00 40.00 NOTE
r-devel-windows-x86_64-gcc10-UCRT 0.1.0 NOTE
r-patched-linux-x86_64 0.1.0 2.17 19.04 21.21 NOTE
r-patched-solaris-x86 0.1.0 42.80 NOTE
r-release-linux-x86_64 0.1.0 2.08 19.01 21.09 NOTE
r-release-macos-arm64 0.1.0 NOTE
r-release-macos-x86_64 0.1.0 NOTE
r-release-windows-ix86+x86_64 0.1.0 5.00 35.00 40.00 NOTE
r-oldrel-macos-x86_64 0.1.0 OK
r-oldrel-windows-ix86+x86_64 0.1.0 16.00 30.00 46.00 OK

Check Details

Version: 0.1.0
Check: LazyData
Result: NOTE
     'LazyData' is specified without a 'data' directory
Flavors: r-devel-linux-x86_64-debian-clang, r-devel-linux-x86_64-debian-gcc, r-devel-linux-x86_64-fedora-clang, r-devel-linux-x86_64-fedora-gcc, r-devel-windows-x86_64, r-devel-windows-x86_64-gcc10-UCRT, r-patched-linux-x86_64, r-patched-solaris-x86, r-release-linux-x86_64, r-release-macos-arm64, r-release-macos-x86_64, r-release-windows-ix86+x86_64