CRAN Package Check Results for Package betafam

Last updated on 2021-10-17 00:48:31 CEST.

Flavor Version Tinstall Tcheck Ttotal Status Flags
r-devel-linux-x86_64-debian-clang 1.0 2.88 21.97 24.85 NOTE
r-devel-linux-x86_64-debian-gcc 1.0 2.18 17.18 19.36 NOTE
r-devel-linux-x86_64-fedora-clang 1.0 40.68 NOTE
r-devel-linux-x86_64-fedora-gcc 1.0 29.73 NOTE
r-devel-windows-x86_64 1.0 3.00 25.00 28.00 NOTE
r-devel-windows-x86_64-gcc10-UCRT 1.0 NOTE
r-patched-linux-x86_64 1.0 2.81 21.57 24.38 NOTE
r-patched-solaris-x86 1.0 46.40 NOTE
r-release-linux-x86_64 1.0 2.76 21.33 24.09 NOTE
r-release-macos-arm64 1.0 NOTE
r-release-macos-x86_64 1.0 NOTE
r-release-windows-ix86+x86_64 1.0 5.00 35.00 40.00 NOTE
r-oldrel-macos-x86_64 1.0 NOTE
r-oldrel-windows-ix86+x86_64 1.0 4.00 32.00 36.00 NOTE

Check Details

Version: 1.0
Check: top-level files
Result: NOTE
    Non-standard file/directory found at top level:
     'extdata'
Flavors: r-devel-linux-x86_64-debian-clang, r-devel-linux-x86_64-debian-gcc, r-devel-linux-x86_64-fedora-clang, r-devel-linux-x86_64-fedora-gcc, r-patched-linux-x86_64, r-release-linux-x86_64

Version: 1.0
Check: R code for possible problems
Result: NOTE
    betafam: no visible global function definition for 'pnorm'
    betafam: no visible global function definition for 'pchisq'
    betafam: no visible global function definition for 'lm'
    betafam: no visible global function definition for 'coefficients'
    betafam: no visible global function definition for 'glm.fit'
    betafam: no visible global function definition for 'gaussian'
    betafam: no visible global function definition for 'glmnet'
    Undefined global functions or variables:
     coefficients gaussian glm.fit glmnet lm pchisq pnorm
    Consider adding
     importFrom("stats", "coefficients", "gaussian", "glm.fit", "lm",
     "pchisq", "pnorm")
    to your NAMESPACE file.
Flavors: r-devel-linux-x86_64-debian-clang, r-devel-linux-x86_64-debian-gcc, r-devel-linux-x86_64-fedora-clang, r-devel-linux-x86_64-fedora-gcc, r-devel-windows-x86_64, r-devel-windows-x86_64-gcc10-UCRT, r-patched-linux-x86_64, r-patched-solaris-x86, r-release-linux-x86_64, r-release-macos-arm64, r-release-macos-x86_64, r-release-windows-ix86+x86_64, r-oldrel-macos-x86_64, r-oldrel-windows-ix86+x86_64

Version: 1.0
Check: Rd line widths
Result: NOTE
    Rd file 'betafam.Rd':
     \usage lines wider than 90 characters:
     betafam(ped,group.threshold=-1,fix.group.index=NULL, fix.weight=NULL,mute.SMM=TRUE,trait=c("binary","qtl"),LC.test=c("LC.true","LC","si ... [TRUNCATED]
    
    These lines will be truncated in the PDF manual.
Flavors: r-devel-linux-x86_64-debian-clang, r-devel-linux-x86_64-debian-gcc, r-devel-linux-x86_64-fedora-clang, r-devel-linux-x86_64-fedora-gcc, r-patched-linux-x86_64, r-release-linux-x86_64