CRAN Package Check Results for Package betalink

Last updated on 2021-10-16 00:49:08 CEST.

Flavor Version Tinstall Tcheck Ttotal Status Flags
r-devel-linux-x86_64-debian-clang 2.2.1 2.91 23.30 26.21 NOTE
r-devel-linux-x86_64-debian-gcc 2.2.1 2.08 18.47 20.55 NOTE
r-devel-linux-x86_64-fedora-clang 2.2.1 43.18 NOTE
r-devel-linux-x86_64-fedora-gcc 2.2.1 31.67 NOTE
r-devel-windows-x86_64 2.2.1 4.00 29.00 33.00 NOTE
r-devel-windows-x86_64-gcc10-UCRT 2.2.1 NOTE
r-patched-linux-x86_64 2.2.1 2.95 23.05 26.00 NOTE
r-patched-solaris-x86 2.2.1 49.30 NOTE
r-release-linux-x86_64 2.2.1 2.66 22.74 25.40 NOTE
r-release-macos-arm64 2.2.1 NOTE
r-release-macos-x86_64 2.2.1 NOTE
r-release-windows-ix86+x86_64 2.2.1 5.00 40.00 45.00 NOTE
r-oldrel-macos-x86_64 2.2.1 NOTE
r-oldrel-windows-ix86+x86_64 2.2.1 5.00 39.00 44.00 NOTE

Check Details

Version: 2.2.1
Check: DESCRIPTION meta-information
Result: NOTE
    Checking should be performed on sources prepared by 'R CMD build'.
Flavors: r-devel-linux-x86_64-debian-clang, r-devel-linux-x86_64-debian-gcc, r-devel-linux-x86_64-fedora-clang, r-devel-linux-x86_64-fedora-gcc, r-devel-windows-x86_64, r-devel-windows-x86_64-gcc10-UCRT, r-patched-linux-x86_64, r-patched-solaris-x86, r-release-linux-x86_64, r-release-macos-arm64, r-release-macos-x86_64, r-release-windows-ix86+x86_64, r-oldrel-macos-x86_64, r-oldrel-windows-ix86+x86_64