Last updated on 2023-06-03 00:57:02 CEST.
Flavor | Version | Tinstall | Tcheck | Ttotal | Status | Flags |
---|---|---|---|---|---|---|
r-devel-linux-x86_64-debian-clang | 0.9.8 | 13.59 | 165.42 | 179.01 | OK | |
r-devel-linux-x86_64-debian-gcc | 0.9.8 | 10.79 | 125.26 | 136.05 | OK | |
r-devel-linux-x86_64-fedora-clang | 0.9.8 | 234.85 | NOTE | |||
r-devel-linux-x86_64-fedora-gcc | 0.9.8 | 238.85 | NOTE | |||
r-devel-windows-x86_64 | 0.9.8 | 18.00 | 149.00 | 167.00 | OK | |
r-patched-linux-x86_64 | 0.9.8 | OK | ||||
r-release-linux-x86_64 | 0.9.8 | 12.35 | 156.72 | 169.07 | OK | |
r-release-macos-arm64 | 0.9.8 | 65.00 | OK | |||
r-release-macos-x86_64 | 0.9.8 | 116.00 | OK | |||
r-release-windows-x86_64 | 0.9.8 | 24.00 | 176.00 | 200.00 | OK | |
r-oldrel-macos-arm64 | 0.9.8 | 69.00 | NOTE | |||
r-oldrel-macos-x86_64 | 0.9.8 | 85.00 | NOTE | |||
r-oldrel-windows-x86_64 | 0.9.8 | 24.00 | 180.00 | 204.00 | OK |
Version: 0.9.8
Check: data for non-ASCII characters
Result: NOTE
Note: found 10089 marked UTF-8 strings
Flavors: r-devel-linux-x86_64-fedora-clang, r-devel-linux-x86_64-fedora-gcc, r-oldrel-macos-arm64, r-oldrel-macos-x86_64