CRAN Package Check Results for Package biClassify

Last updated on 2021-10-26 00:59:45 CEST.

Flavor Version Tinstall Tcheck Ttotal Status Flags
r-devel-linux-x86_64-debian-clang 1.2 38.49 77.18 115.67 OK
r-devel-linux-x86_64-debian-gcc 1.2 26.12 58.66 84.78 OK
r-devel-linux-x86_64-fedora-clang 1.2 158.28 NOTE
r-devel-linux-x86_64-fedora-gcc 1.2 141.58 NOTE
r-devel-windows-x86_64 1.2 47.00 120.00 167.00 OK
r-devel-windows-x86_64-gcc10-UCRT 1.2 NOTE
r-patched-linux-x86_64 1.2 28.78 73.58 102.36 OK
r-patched-solaris-x86 1.2 200.50 NOTE
r-release-linux-x86_64 1.2 29.56 73.93 103.49 OK
r-release-macos-arm64 1.2 NOTE
r-release-macos-x86_64 1.2 NOTE
r-release-windows-ix86+x86_64 1.2 62.00 172.00 234.00 OK
r-oldrel-macos-x86_64 1.2 NOTE
r-oldrel-windows-ix86+x86_64 1.2 91.00 163.00 254.00 OK

Check Details

Version: 1.2
Check: dependencies in R code
Result: NOTE
    Namespaces in Imports field not imported from:
     ‘DAAG’ ‘datasets’ ‘expm’ ‘mvtnorm’
     All declared Imports should be used.
Flavors: r-devel-linux-x86_64-fedora-clang, r-devel-linux-x86_64-fedora-gcc, r-devel-windows-x86_64-gcc10-UCRT, r-patched-solaris-x86, r-release-macos-arm64, r-release-macos-x86_64, r-oldrel-macos-x86_64