CRAN Package Check Results for Package bigDM

Last updated on 2024-06-14 00:53:36 CEST.

Flavor Version Tinstall Tcheck Ttotal Status Flags
r-devel-linux-x86_64-debian-clang 0.5.4 25.38 154.58 179.96 NOTE
r-devel-linux-x86_64-debian-gcc 0.5.4 0.67 1.59 2.26 ERROR
r-devel-linux-x86_64-fedora-clang 0.5.4 228.05 NOTE
r-devel-linux-x86_64-fedora-gcc 0.5.4 213.74 NOTE
r-devel-windows-x86_64 0.5.4 25.00 128.00 153.00 OK
r-patched-linux-x86_64 0.5.4 26.63 152.81 179.44 NOTE
r-release-linux-x86_64 0.5.4 27.51 148.09 175.60 NOTE
r-release-macos-arm64 0.5.4 64.00 NOTE
r-release-macos-x86_64 0.5.4 127.00 NOTE
r-release-windows-x86_64 0.5.4 24.00 128.00 152.00 OK
r-oldrel-macos-arm64 0.5.4 71.00 NOTE
r-oldrel-macos-x86_64 0.5.4 158.00 NOTE
r-oldrel-windows-x86_64 0.5.4 31.00 152.00 183.00 NOTE

Check Details

Version: 0.5.4
Check: package dependencies
Result: NOTE Package suggested but not available for checking: ‘INLA’ Flavors: r-devel-linux-x86_64-debian-clang, r-patched-linux-x86_64, r-release-linux-x86_64, r-release-macos-arm64, r-release-macos-x86_64, r-oldrel-macos-arm64, r-oldrel-macos-x86_64, r-oldrel-windows-x86_64

Version: 0.5.4
Check: package dependencies
Result: ERROR Package required but not available: ‘fastDummies’ Packages suggested but not available for checking: 'INLA', 'testthat', 'tmap' See section ‘The DESCRIPTION file’ in the ‘Writing R Extensions’ manual. Flavor: r-devel-linux-x86_64-debian-gcc

Version: 0.5.4
Check: data for non-ASCII characters
Result: NOTE Note: found 940 marked Latin-1 strings Flavors: r-devel-linux-x86_64-fedora-clang, r-devel-linux-x86_64-fedora-gcc

Version: 0.5.4
Check: installed package size
Result: NOTE installed size is 5.6Mb sub-directories of 1Mb or more: data 5.2Mb Flavors: r-release-macos-arm64, r-release-macos-x86_64, r-oldrel-macos-arm64, r-oldrel-macos-x86_64