CRAN Package Check Results for Package bigReg

Last updated on 2021-10-25 00:49:05 CEST.

Flavor Version Tinstall Tcheck Ttotal Status Flags
r-devel-linux-x86_64-debian-clang 0.1.2 45.67 40.15 85.82 NOTE
r-devel-linux-x86_64-debian-gcc 0.1.2 36.27 31.09 67.36 NOTE
r-devel-linux-x86_64-fedora-clang 0.1.2 136.31 NOTE
r-devel-linux-x86_64-fedora-gcc 0.1.2 120.09 NOTE
r-patched-linux-x86_64 0.1.2 44.40 39.24 83.64 NOTE
r-patched-solaris-x86 0.1.2 132.20 NOTE
r-release-linux-x86_64 0.1.2 42.65 38.70 81.35 NOTE
r-release-macos-arm64 0.1.2 OK
r-release-macos-x86_64 0.1.2 OK
r-oldrel-macos-x86_64 0.1.2 OK

Check Details

Version: 0.1.2
Check: for non-standard things in the check directory
Result: NOTE
    Found the following files/directories:
     'outputs'
Flavors: r-devel-linux-x86_64-debian-clang, r-devel-linux-x86_64-debian-gcc, r-devel-linux-x86_64-fedora-clang, r-devel-linux-x86_64-fedora-gcc, r-patched-linux-x86_64, r-patched-solaris-x86, r-release-linux-x86_64

Version: 0.1.2
Check: compiled code
Result: NOTE
    File ‘bigReg/libs/bigReg.so’:
     Found no calls to: ‘R_registerRoutines’, ‘R_useDynamicSymbols’
    
    It is good practice to register native routines and to disable symbol
    search.
    
    See ‘Writing portable packages’ in the ‘Writing R Extensions’ manual.
Flavors: r-devel-linux-x86_64-fedora-clang, r-devel-linux-x86_64-fedora-gcc