CRAN Package Check Results for Package bigSurvSGD

Last updated on 2021-10-20 00:49:33 CEST.

Flavor Version Tinstall Tcheck Ttotal Status Flags
r-devel-linux-x86_64-debian-clang 0.0.1 42.06 33.67 75.73 OK
r-devel-linux-x86_64-debian-gcc 0.0.1 26.56 25.75 52.31 OK
r-devel-linux-x86_64-fedora-clang 0.0.1 112.35 NOTE
r-devel-linux-x86_64-fedora-gcc 0.0.1 91.55 NOTE
r-devel-windows-x86_64 0.0.1 50.00 67.00 117.00 OK
r-devel-windows-x86_64-gcc10-UCRT 0.0.1 NOTE
r-patched-linux-x86_64 0.0.1 34.04 32.30 66.34 OK
r-patched-solaris-x86 0.0.1 104.20 NOTE
r-release-linux-x86_64 0.0.1 34.16 33.01 67.17 OK
r-release-macos-arm64 0.0.1 NOTE
r-release-macos-x86_64 0.0.1 NOTE
r-release-windows-ix86+x86_64 0.0.1 68.00 80.00 148.00 OK
r-oldrel-macos-x86_64 0.0.1 NOTE
r-oldrel-windows-ix86+x86_64 0.0.1 94.00 77.00 171.00 OK

Check Details

Version: 0.0.1
Check: dependencies in R code
Result: NOTE
    Namespace in Imports field not imported from: ‘survival’
     All declared Imports should be used.
Flavors: r-devel-linux-x86_64-fedora-clang, r-devel-linux-x86_64-fedora-gcc, r-devel-windows-x86_64-gcc10-UCRT, r-patched-solaris-x86, r-release-macos-arm64, r-release-macos-x86_64, r-oldrel-macos-x86_64