CRAN Package Check Results for Package biglasso

Last updated on 2021-10-23 00:48:47 CEST.

Flavor Version Tinstall Tcheck Ttotal Status Flags
r-devel-linux-x86_64-debian-clang 1.4.1 83.77 104.98 188.75 OK
r-devel-linux-x86_64-debian-gcc 1.4.1 67.91 79.92 147.83 OK
r-devel-linux-x86_64-fedora-clang 1.4.1 279.11 OK
r-devel-linux-x86_64-fedora-gcc 1.4.1 252.02 OK
r-devel-windows-x86_64 1.4.1 127.00 176.00 303.00 OK
r-devel-windows-x86_64-gcc10-UCRT 1.4.1 OK
r-patched-linux-x86_64 1.4.1 82.20 101.24 183.44 OK
r-patched-solaris-x86 1.4.1 332.10 OK
r-release-linux-x86_64 1.4.1 74.51 101.52 176.03 OK
r-release-macos-arm64 1.4.1 NOTE
r-release-macos-x86_64 1.4.1 OK
r-release-windows-ix86+x86_64 1.4.1 177.00 222.00 399.00 OK
r-oldrel-macos-x86_64 1.4.1 OK
r-oldrel-windows-ix86+x86_64 1.4.1 249.00 209.00 458.00 OK

Check Details

Version: 1.4.1
Check: installed package size
Result: NOTE
     installed size is 5.3Mb
     sub-directories of 1Mb or more:
     libs 4.4Mb
Flavor: r-release-macos-arm64