CRAN Package Check Results for Package bigtime

Last updated on 2024-06-13 00:55:07 CEST.

Flavor Version Tinstall Tcheck Ttotal Status Flags
r-devel-linux-x86_64-debian-clang 0.2.3 85.48 61.93 147.41 OK
r-devel-linux-x86_64-debian-gcc 0.2.3 0.48 1.57 2.05 ERROR
r-devel-linux-x86_64-fedora-clang 0.2.3 200.01 OK
r-devel-linux-x86_64-fedora-gcc 0.2.3 206.37 OK
r-devel-windows-x86_64 0.2.3 64.00 91.00 155.00 OK
r-patched-linux-x86_64 0.2.3 70.81 63.04 133.85 OK
r-release-linux-x86_64 0.2.3 64.59 62.08 126.67 OK
r-release-macos-arm64 0.2.3 44.00 NOTE
r-release-macos-x86_64 0.2.3 54.00 NOTE
r-release-windows-x86_64 0.2.3 65.00 93.00 158.00 OK
r-oldrel-macos-arm64 0.2.3 53.00 NOTE
r-oldrel-macos-x86_64 0.2.3 82.00 NOTE
r-oldrel-windows-x86_64 0.2.3 77.00 108.00 185.00 OK

Check Details

Version: 0.2.3
Check: package dependencies
Result: ERROR Packages required but not available: 'dplyr', 'ggplot2', 'tidyr' See section ‘The DESCRIPTION file’ in the ‘Writing R Extensions’ manual. Flavor: r-devel-linux-x86_64-debian-gcc

Version: 0.2.3
Check: installed package size
Result: NOTE installed size is 5.6Mb sub-directories of 1Mb or more: libs 4.6Mb Flavors: r-release-macos-arm64, r-release-macos-x86_64, r-oldrel-macos-arm64, r-oldrel-macos-x86_64