CRAN Package Check Results for Package binaryGP

Last updated on 2021-10-19 00:49:11 CEST.

Flavor Version Tinstall Tcheck Ttotal Status Flags
r-devel-linux-x86_64-debian-clang 0.2 46.03 35.02 81.05 NOTE
r-devel-linux-x86_64-debian-gcc 0.2 33.28 27.57 60.85 NOTE
r-devel-linux-x86_64-fedora-clang 0.2 128.02 NOTE
r-devel-linux-x86_64-fedora-gcc 0.2 105.81 NOTE
r-devel-windows-x86_64 0.2 62.00 65.00 127.00 NOTE
r-devel-windows-x86_64-gcc10-UCRT 0.2 NOTE
r-patched-linux-x86_64 0.2 41.09 34.25 75.34 NOTE
r-patched-solaris-x86 0.2 121.90 NOTE
r-release-linux-x86_64 0.2 37.29 33.95 71.24 NOTE
r-release-macos-arm64 0.2 NOTE
r-release-macos-x86_64 0.2 NOTE
r-release-windows-ix86+x86_64 0.2 86.00 80.00 166.00 NOTE
r-oldrel-macos-x86_64 0.2 OK
r-oldrel-windows-ix86+x86_64 0.2 124.00 84.00 208.00 OK

Check Details

Version: 0.2
Check: LazyData
Result: NOTE
     'LazyData' is specified without a 'data' directory
Flavors: r-devel-linux-x86_64-debian-clang, r-devel-linux-x86_64-debian-gcc, r-devel-linux-x86_64-fedora-clang, r-devel-linux-x86_64-fedora-gcc, r-devel-windows-x86_64, r-devel-windows-x86_64-gcc10-UCRT, r-patched-linux-x86_64, r-patched-solaris-x86, r-release-linux-x86_64, r-release-macos-arm64, r-release-macos-x86_64, r-release-windows-ix86+x86_64