CRAN Package Check Results for Package binaryGP

Last updated on 2024-06-17 00:49:54 CEST.

Flavor Version Tinstall Tcheck Ttotal Status Flags
r-devel-linux-x86_64-debian-clang 0.2 55.88 38.05 93.93 NOTE
r-devel-linux-x86_64-debian-gcc 0.2 38.07 29.42 67.49 NOTE
r-devel-linux-x86_64-fedora-clang 0.2 128.59 NOTE
r-devel-linux-x86_64-fedora-gcc 0.2 128.29 NOTE
r-devel-windows-x86_64 0.2 42.00 70.00 112.00 NOTE
r-patched-linux-x86_64 0.2 29.51 37.52 67.03 NOTE
r-release-linux-x86_64 0.2 36.05 37.68 73.73 NOTE
r-release-macos-arm64 0.2 36.00 NOTE
r-release-macos-x86_64 0.2 52.00 NOTE
r-release-windows-x86_64 0.2 42.00 73.00 115.00 NOTE
r-oldrel-macos-arm64 0.2 37.00 NOTE
r-oldrel-macos-x86_64 0.2 61.00 NOTE
r-oldrel-windows-x86_64 0.2 54.00 83.00 137.00 NOTE

Check Details

Version: 0.2
Check: LazyData
Result: NOTE 'LazyData' is specified without a 'data' directory Flavors: r-devel-linux-x86_64-debian-clang, r-devel-linux-x86_64-debian-gcc, r-devel-linux-x86_64-fedora-clang, r-devel-linux-x86_64-fedora-gcc, r-devel-windows-x86_64, r-patched-linux-x86_64, r-release-linux-x86_64, r-release-macos-arm64, r-release-macos-x86_64, r-release-windows-x86_64, r-oldrel-macos-arm64, r-oldrel-macos-x86_64, r-oldrel-windows-x86_64