CRAN Package Check Results for Package binaryLogic

Last updated on 2021-10-16 00:49:08 CEST.

Flavor Version Tinstall Tcheck Ttotal Status Flags
r-devel-linux-x86_64-debian-clang 0.3.9 3.06 28.36 31.42 NOTE
r-devel-linux-x86_64-debian-gcc 0.3.9 2.17 22.19 24.36 NOTE
r-devel-linux-x86_64-fedora-clang 0.3.9 48.35 NOTE
r-devel-linux-x86_64-fedora-gcc 0.3.9 36.83 NOTE
r-devel-windows-x86_64 0.3.9 5.00 35.00 40.00 NOTE
r-devel-windows-x86_64-gcc10-UCRT 0.3.9 NOTE
r-patched-linux-x86_64 0.3.9 2.65 27.43 30.08 NOTE
r-patched-solaris-x86 0.3.9 57.80 NOTE
r-release-linux-x86_64 0.3.9 2.27 27.48 29.75 NOTE
r-release-macos-arm64 0.3.9 NOTE
r-release-macos-x86_64 0.3.9 NOTE
r-release-windows-ix86+x86_64 0.3.9 9.00 45.00 54.00 NOTE
r-oldrel-macos-x86_64 0.3.9 OK
r-oldrel-windows-ix86+x86_64 0.3.9 18.00 45.00 63.00 OK

Check Details

Version: 0.3.9
Check: LazyData
Result: NOTE
     'LazyData' is specified without a 'data' directory
Flavors: r-devel-linux-x86_64-debian-clang, r-devel-linux-x86_64-debian-gcc, r-devel-linux-x86_64-fedora-clang, r-devel-linux-x86_64-fedora-gcc, r-devel-windows-x86_64, r-devel-windows-x86_64-gcc10-UCRT, r-patched-linux-x86_64, r-patched-solaris-x86, r-release-linux-x86_64, r-release-macos-arm64, r-release-macos-x86_64, r-release-windows-ix86+x86_64