CRAN Package Check Results for Package binspp

Last updated on 2023-10-04 00:58:17 CEST.

Flavor Version Tinstall Tcheck Ttotal Status Flags
r-devel-linux-x86_64-debian-clang 0.1.26 100.72 136.68 237.40 OK
r-devel-linux-x86_64-debian-gcc 0.1.26 71.11 103.01 174.12 OK
r-devel-linux-x86_64-fedora-clang 0.1.26 318.37 OK
r-devel-linux-x86_64-fedora-gcc 0.1.26 326.26 OK
r-devel-windows-x86_64 0.1.26 77.00 152.00 229.00 OK
r-patched-linux-x86_64 0.1.26 87.89 133.66 221.55 OK
r-release-linux-x86_64 0.1.26 72.32 132.23 204.55 OK
r-release-macos-arm64 0.1.26 88.00 NOTE
r-release-macos-x86_64 0.1.26 142.00 NOTE
r-release-windows-x86_64 0.1.26 100.00 176.00 276.00 OK
r-oldrel-macos-arm64 0.1.26 83.00 NOTE
r-oldrel-macos-x86_64 0.1.26 110.00 NOTE
r-oldrel-windows-x86_64 0.1.26 94.00 177.00 271.00 OK

Check Details

Version: 0.1.26
Check: installed package size
Result: NOTE
     installed size is 5.7Mb
     sub-directories of 1Mb or more:
     data 1.1Mb
     libs 4.4Mb
Flavors: r-release-macos-arm64, r-release-macos-x86_64, r-oldrel-macos-arm64, r-oldrel-macos-x86_64