CRAN Package Check Results for Package bioOED

Last updated on 2021-10-27 00:50:58 CEST.

Flavor Version Tinstall Tcheck Ttotal Status Flags
r-devel-linux-x86_64-debian-clang 0.2.1 14.85 136.79 151.64 NOTE
r-devel-linux-x86_64-debian-gcc 0.2.1 12.37 102.67 115.04 NOTE
r-devel-linux-x86_64-fedora-clang 0.2.1 186.61 NOTE
r-devel-linux-x86_64-fedora-gcc 0.2.1 177.10 NOTE
r-devel-windows-x86_64 0.2.1 24.00 176.00 200.00 NOTE
r-devel-windows-x86_64-gcc10-UCRT 0.2.1 NOTE
r-patched-linux-x86_64 0.2.1 21.63 134.84 156.47 NOTE
r-patched-solaris-x86 0.2.1 213.20 NOTE
r-release-linux-x86_64 0.2.1 13.95 132.33 146.28 NOTE
r-release-macos-arm64 0.2.1 ERROR
r-release-macos-x86_64 0.2.1 NOTE
r-release-windows-ix86+x86_64 0.2.1 22.00 183.00 205.00 NOTE
r-oldrel-macos-x86_64 0.2.1 OK
r-oldrel-windows-ix86+x86_64 0.2.1 35.00 175.00 210.00 OK

Additional issues

M1mac

Check Details

Version: 0.2.1
Check: LazyData
Result: NOTE
     'LazyData' is specified without a 'data' directory
Flavors: r-devel-linux-x86_64-debian-clang, r-devel-linux-x86_64-debian-gcc, r-devel-linux-x86_64-fedora-clang, r-devel-linux-x86_64-fedora-gcc, r-devel-windows-x86_64, r-devel-windows-x86_64-gcc10-UCRT, r-patched-linux-x86_64, r-patched-solaris-x86, r-release-linux-x86_64, r-release-macos-x86_64, r-release-windows-ix86+x86_64

Version: 0.2.1
Check: package dependencies
Result: ERROR
    Package required but not available: ‘MEIGOR’
    
    See section ‘The DESCRIPTION file’ in the ‘Writing R Extensions’
    manual.
Flavor: r-release-macos-arm64