CRAN Package Check Results for Package bioRad

Last updated on 2021-10-24 00:50:51 CEST.

Flavor Version Tinstall Tcheck Ttotal Status Flags
r-devel-linux-x86_64-debian-clang 0.5.2 34.33 439.80 474.13 OK
r-devel-linux-x86_64-debian-gcc 0.5.2 29.65 319.82 349.47 OK
r-devel-linux-x86_64-fedora-clang 0.5.2 580.20 NOTE
r-devel-linux-x86_64-fedora-gcc 0.5.2 544.44 OK
r-devel-windows-x86_64 0.5.2 60.00 551.00 611.00 NOTE
r-devel-windows-x86_64-gcc10-UCRT 0.5.2 OK
r-patched-linux-x86_64 0.5.2 40.34 377.70 418.04 OK
r-patched-solaris-x86 0.5.2 665.20 NOTE
r-release-linux-x86_64 0.5.2 30.20 376.23 406.43 OK
r-release-macos-arm64 0.5.2 NOTE
r-release-macos-x86_64 0.5.2 NOTE
r-release-windows-ix86+x86_64 0.5.2 66.00 513.00 579.00 NOTE
r-oldrel-macos-x86_64 0.5.2 NOTE
r-oldrel-windows-ix86+x86_64 0.5.2 58.00 367.00 425.00 NOTE

Check Details

Version: 0.5.2
Check: installed package size
Result: NOTE
     installed size is 5.7Mb
     sub-directories of 1Mb or more:
     data 1.6Mb
     doc 1.2Mb
     extdata 1.7Mb
Flavors: r-devel-linux-x86_64-fedora-clang, r-devel-windows-x86_64, r-patched-solaris-x86, r-release-macos-arm64, r-release-macos-x86_64, r-release-windows-ix86+x86_64, r-oldrel-macos-x86_64, r-oldrel-windows-ix86+x86_64