CRAN Package Check Results for Package bioacoustics

Last updated on 2024-06-13 00:55:07 CEST.

Flavor Version Tinstall Tcheck Ttotal Status Flags
r-devel-linux-x86_64-debian-clang 0.2.8 121.30 70.54 191.84 NOTE
r-devel-linux-x86_64-debian-gcc 0.2.8 0.40 1.85 2.25 ERROR
r-devel-linux-x86_64-fedora-clang 0.2.8 288.98 NOTE
r-devel-linux-x86_64-fedora-gcc 0.2.8 281.84 NOTE
r-devel-windows-x86_64 0.2.8 94.00 96.00 190.00 NOTE
r-patched-linux-x86_64 0.2.8 106.97 65.70 172.67 NOTE
r-release-linux-x86_64 0.2.8 99.63 67.05 166.68 NOTE
r-release-macos-arm64 0.2.8 75.00 NOTE
r-release-macos-x86_64 0.2.8 87.00 NOTE
r-release-windows-x86_64 0.2.8 95.00 104.00 199.00 NOTE
r-oldrel-macos-arm64 0.2.8 79.00 NOTE
r-oldrel-macos-x86_64 0.2.8 303.00 NOTE
r-oldrel-windows-x86_64 0.2.8 115.00 109.00 224.00 NOTE

Check Details

Version: 0.2.8
Check: C++ specification
Result: NOTE Specified C++11: please drop specification unless essential Flavors: r-devel-linux-x86_64-debian-clang, r-devel-linux-x86_64-fedora-clang, r-devel-linux-x86_64-fedora-gcc, r-devel-windows-x86_64, r-patched-linux-x86_64, r-release-linux-x86_64, r-release-macos-arm64, r-release-macos-x86_64, r-release-windows-x86_64, r-oldrel-macos-arm64, r-oldrel-macos-x86_64, r-oldrel-windows-x86_64

Version: 0.2.8
Check: package dependencies
Result: ERROR Package required but not available: ‘stringr’ See section ‘The DESCRIPTION file’ in the ‘Writing R Extensions’ manual. Flavor: r-devel-linux-x86_64-debian-gcc

Version: 0.2.8
Check: installed package size
Result: NOTE installed size is 5.9Mb sub-directories of 1Mb or more: libs 4.4Mb Flavors: r-release-macos-arm64, r-release-macos-x86_64, r-oldrel-macos-arm64, r-oldrel-macos-x86_64