CRAN Package Check Results for Package biocompute

Last updated on 2021-10-23 00:48:47 CEST.

Flavor Version Tinstall Tcheck Ttotal Status Flags
r-devel-linux-x86_64-debian-clang 1.0.6 6.08 49.55 55.63 OK
r-devel-linux-x86_64-debian-gcc 1.0.6 4.61 38.09 42.70 OK
r-devel-linux-x86_64-fedora-clang 1.1.0 67.83 OK
r-devel-linux-x86_64-fedora-gcc 1.1.0 57.63 OK
r-devel-windows-x86_64 1.0.6 13.00 86.00 99.00 OK
r-devel-windows-x86_64-gcc10-UCRT 1.0.6 OK
r-patched-linux-x86_64 1.0.6 5.16 50.13 55.29 OK
r-patched-solaris-x86 1.1.0 81.40 ERROR
r-release-linux-x86_64 1.0.6 5.92 49.08 55.00 OK
r-release-macos-arm64 1.0.6 OK
r-release-macos-x86_64 1.0.6 OK
r-release-windows-ix86+x86_64 1.0.6 14.00 88.00 102.00 OK
r-oldrel-macos-x86_64 1.0.6 OK
r-oldrel-windows-ix86+x86_64 1.1.0 11.00 61.00 72.00 OK

Check Details

Version: 1.1.0
Check: examples
Result: ERROR
    Running examples in ‘biocompute-Ex.R’ failed
    The error most likely occurred in:
    
    > ### Name: validate_schema_v1.4.2
    > ### Title: BioCompute Objects schema validator (v1.4.2)
    > ### Aliases: validate_schema_v1.4.2 validate_schema
    >
    > ### ** Examples
    >
    > bco <- tempfile(fileext = ".json")
    > generate_example("HCV1a") %>%
    + convert_json() %>%
    + export_json(bco)
    > bco %>% validate_schema()
    ── 0: Validating BioCompute Object ─────────────────────────────────────────────
    Error in context_eval(join(src), private$context, serialize) :
     SyntaxError: Unexpected token const
    Calls: %>% ... <Anonymous> -> evaluate_js -> get_str_output -> context_eval
    Execution halted
Flavor: r-patched-solaris-x86