CRAN Package Check Results for Package biocompute

Last updated on 2024-06-14 00:53:36 CEST.

Flavor Version Tinstall Tcheck Ttotal Status Flags
r-devel-linux-x86_64-debian-clang 1.1.1 4.79 57.32 62.11 OK
r-devel-linux-x86_64-debian-gcc 1.1.1 0.55 1.73 2.28 ERROR
r-devel-linux-x86_64-fedora-clang 1.1.1 80.51 OK
r-devel-linux-x86_64-fedora-gcc 1.1.1 87.98 OK
r-devel-windows-x86_64 1.1.1 6.00 68.00 74.00 OK
r-patched-linux-x86_64 1.1.1 7.42 54.72 62.14 OK
r-release-linux-x86_64 1.1.1 6.08 54.26 60.34 OK
r-release-macos-arm64 1.1.1 33.00 OK
r-release-macos-x86_64 1.1.1 50.00 OK
r-release-windows-x86_64 1.1.1 7.00 69.00 76.00 OK
r-oldrel-macos-arm64 1.1.1 40.00 OK
r-oldrel-macos-x86_64 1.1.1 48.00 OK
r-oldrel-windows-x86_64 1.1.1 8.00 74.00 82.00 OK

Check Details

Version: 1.1.1
Check: package dependencies
Result: ERROR Package required but not available: ‘stringr’ See section ‘The DESCRIPTION file’ in the ‘Writing R Extensions’ manual. Flavor: r-devel-linux-x86_64-debian-gcc