CRAN Package Check Results for Package biotools

Last updated on 2024-02-29 00:55:34 CET.

Flavor Version Tinstall Tcheck Ttotal Status Flags
r-devel-linux-x86_64-debian-clang 4.2 3.90 57.49 61.39 NOTE
r-devel-linux-x86_64-debian-gcc 4.2 3.26 42.18 45.44 NOTE
r-devel-linux-x86_64-fedora-clang 4.2 73.99 NOTE
r-devel-linux-x86_64-fedora-gcc 4.2 84.05 NOTE
r-devel-windows-x86_64 4.2 6.00 66.00 72.00 NOTE
r-patched-linux-x86_64 4.2 3.94 52.67 56.61 NOTE
r-release-linux-x86_64 4.2 4.19 52.52 56.71 NOTE
r-release-macos-arm64 4.2 31.00 NOTE
r-release-macos-x86_64 4.2 50.00 NOTE
r-release-windows-x86_64 4.2 6.00 72.00 78.00 NOTE
r-oldrel-macos-arm64 4.2 30.00 OK
r-oldrel-windows-x86_64 4.2 7.00 75.00 82.00 OK

Check Details

Version: 4.2
Check: Rd files
Result: NOTE checkRd: (-1) tocher.Rd:13: Escaped LaTeX specials: \& Flavors: r-devel-linux-x86_64-debian-clang, r-devel-linux-x86_64-debian-gcc, r-devel-linux-x86_64-fedora-clang, r-devel-linux-x86_64-fedora-gcc, r-devel-windows-x86_64, r-patched-linux-x86_64, r-release-linux-x86_64, r-release-macos-arm64, r-release-macos-x86_64, r-release-windows-x86_64