CRAN Package Check Results for Package birdscanR

Last updated on 2024-06-14 00:53:36 CEST.

Flavor Version Tinstall Tcheck Ttotal Status Flags
r-devel-linux-x86_64-debian-clang 0.2.0 9.19 51.66 60.85 OK
r-devel-linux-x86_64-debian-gcc 0.2.0 0.46 1.70 2.16 ERROR
r-devel-linux-x86_64-fedora-clang 0.2.0 73.74 OK
r-devel-linux-x86_64-fedora-gcc 0.2.0 84.23 OK
r-devel-windows-x86_64 0.2.0 7.00 61.00 68.00 OK
r-patched-linux-x86_64 0.2.0 8.06 48.79 56.85 OK
r-release-linux-x86_64 0.2.0 7.55 47.79 55.34 OK
r-release-macos-arm64 0.2.0 32.00 OK
r-release-macos-x86_64 0.2.0 72.00 OK
r-release-windows-x86_64 0.2.0 8.00 68.00 76.00 OK
r-oldrel-macos-arm64 0.2.0 31.00 OK
r-oldrel-macos-x86_64 0.2.0 50.00 OK
r-oldrel-windows-x86_64 0.2.0 10.00 65.00 75.00 OK

Check Details

Version: 0.2.0
Check: package dependencies
Result: ERROR Packages required but not available: 'dplyr', 'ggplot2', 'reshape2', 'tibble', 'tidyr' See section ‘The DESCRIPTION file’ in the ‘Writing R Extensions’ manual. Flavor: r-devel-linux-x86_64-debian-gcc