CRAN Package Check Results for Package biscale

Last updated on 2024-04-21 00:57:21 CEST.

Flavor Version Tinstall Tcheck Ttotal Status Flags
r-devel-linux-x86_64-debian-clang 1.0.0 3.57 47.51 51.08 OK
r-devel-linux-x86_64-debian-gcc 1.0.0 2.49 36.63 39.12 OK
r-devel-linux-x86_64-fedora-clang 1.0.0 65.52 NOTE
r-devel-linux-x86_64-fedora-gcc 1.0.0 77.02 NOTE
r-prerel-macos-arm64 1.0.0 35.00 OK
r-prerel-windows-x86_64 1.0.0 4.00 60.00 64.00 OK
r-patched-linux-x86_64 1.0.0 6.40 47.49 53.89 OK
r-release-linux-x86_64 1.0.0 3.54 45.52 49.06 OK
r-release-macos-arm64 1.0.0 36.00 OK
r-release-macos-x86_64 1.0.0 49.00 OK
r-release-windows-x86_64 1.0.0 5.00 66.00 71.00 OK
r-oldrel-macos-arm64 1.0.0 26.00 NOTE
r-oldrel-windows-x86_64 1.0.0 7.00 67.00 74.00 OK

Check Details

Version: 1.0.0
Check: dependencies in R code
Result: NOTE Namespaces in Imports field not imported from: ‘stats’ ‘utils’ All declared Imports should be used. Flavors: r-devel-linux-x86_64-fedora-clang, r-devel-linux-x86_64-fedora-gcc, r-oldrel-macos-arm64