Last updated on 2023-03-30 00:51:48 CEST.
Flavor | Version | Tinstall | Tcheck | Ttotal | Status | Flags |
---|---|---|---|---|---|---|
r-devel-linux-x86_64-debian-clang | 0.3.2 | 7.55 | 71.19 | 78.74 | OK | |
r-devel-linux-x86_64-debian-gcc | 0.3.2 | 6.45 | 54.00 | 60.45 | NOTE | |
r-devel-linux-x86_64-fedora-clang | 0.3.2 | 104.05 | NOTE | |||
r-devel-linux-x86_64-fedora-gcc | 0.3.2 | 109.40 | NOTE | |||
r-devel-windows-x86_64 | 0.3.2 | 48.00 | 114.00 | 162.00 | OK | |
r-patched-linux-x86_64 | 0.3.2 | 7.45 | 67.40 | 74.85 | NOTE | |
r-release-linux-x86_64 | 0.3.2 | 6.47 | 69.22 | 75.69 | OK | |
r-release-macos-arm64 | 0.3.2 | 37.00 | OK | |||
r-release-macos-x86_64 | 0.3.2 | 49.00 | OK | |||
r-oldrel-macos-arm64 | 0.3.2 | 41.00 | OK | |||
r-oldrel-macos-x86_64 | 0.3.2 | 52.00 | OK | |||
r-oldrel-windows-ix86+x86_64 | 0.3.2 | 17.00 | 103.00 | 120.00 | NOTE |
Version: 0.3.2
Check: package dependencies
Result: NOTE
Package suggested but not available for checking: ‘tidyquant’
Flavors: r-devel-linux-x86_64-debian-gcc, r-devel-linux-x86_64-fedora-clang, r-devel-linux-x86_64-fedora-gcc, r-patched-linux-x86_64
Version: 0.3.2
Check: R code for possible problems
Result: NOTE
Initiating curl with CURL_SSL_BACKEND: openssl
Flavor: r-oldrel-windows-ix86+x86_64