CRAN Package Check Results for Package bizdays

Last updated on 2024-06-14 00:53:36 CEST.

Flavor Version Tinstall Tcheck Ttotal Status Flags
r-devel-linux-x86_64-debian-clang 1.0.16 5.32 92.80 98.12 OK
r-devel-linux-x86_64-debian-gcc 1.0.16 4.10 55.69 59.79 ERROR
r-devel-linux-x86_64-fedora-clang 1.0.16 121.57 NOTE
r-devel-linux-x86_64-fedora-gcc 1.0.16 130.83 OK
r-devel-windows-x86_64 1.0.16 11.00 143.00 154.00 OK
r-patched-linux-x86_64 1.0.16 5.67 88.51 94.18 OK
r-release-linux-x86_64 1.0.16 5.68 87.98 93.66 OK
r-release-macos-arm64 1.0.16 46.00 OK
r-release-macos-x86_64 1.0.16 66.00 OK
r-release-windows-x86_64 1.0.16 12.00 147.00 159.00 OK
r-oldrel-macos-arm64 1.0.16 52.00 OK
r-oldrel-macos-x86_64 1.0.16 160.00 OK
r-oldrel-windows-x86_64 1.0.16 13.00 155.00 168.00 OK

Check Details

Version: 1.0.16
Check: package dependencies
Result: NOTE Package suggested but not available for checking: ‘testthat’ Flavor: r-devel-linux-x86_64-debian-gcc

Version: 1.0.16
Check: tests
Result: ERROR Running ‘testthat.R’ [0s/1s] Running the tests in ‘tests/testthat.R’ failed. Complete output: > library(testthat) Error in library(testthat) : there is no package called 'testthat' Execution halted Flavor: r-devel-linux-x86_64-debian-gcc

Version: 1.0.16
Check: package dependencies
Result: NOTE Package suggested but not available for checking: ‘RQuantLib’ Flavor: r-devel-linux-x86_64-fedora-clang