Last updated on 2023-11-29 00:50:11 CET.
Flavor | Version | Tinstall | Tcheck | Ttotal | Status | Flags |
---|---|---|---|---|---|---|
r-devel-linux-x86_64-debian-clang | 1.0.13 | 6.45 | 95.22 | 101.67 | NOTE | |
r-devel-linux-x86_64-debian-gcc | 1.0.13 | 4.87 | 68.01 | 72.88 | NOTE | |
r-devel-linux-x86_64-fedora-clang | 1.0.13 | 123.95 | NOTE | |||
r-devel-linux-x86_64-fedora-gcc | 1.0.13 | 138.94 | OK | |||
r-devel-windows-x86_64 | 1.0.13 | 13.00 | 145.00 | 158.00 | OK | |
r-patched-linux-x86_64 | 1.0.13 | 6.59 | 88.00 | 94.59 | OK | |
r-release-linux-x86_64 | 1.0.13 | 7.02 | 90.06 | 97.08 | OK | |
r-release-macos-arm64 | 1.0.13 | 47.00 | OK | |||
r-release-macos-x86_64 | 1.0.13 | 77.00 | OK | |||
r-release-windows-x86_64 | 1.0.13 | 12.00 | 168.00 | 180.00 | OK | |
r-oldrel-macos-arm64 | 1.0.13 | 41.00 | OK | |||
r-oldrel-macos-x86_64 | 1.0.13 | 80.00 | OK | |||
r-oldrel-windows-x86_64 | 1.0.13 | 14.00 | 168.00 | 182.00 | OK |
Version: 1.0.13
Check: Rd files
Result: NOTE
checkRd: (-1) bizdays.options.Rd:30-32: Lost braces in \itemize; meant \describe ?
Flavors: r-devel-linux-x86_64-debian-clang, r-devel-linux-x86_64-debian-gcc
Version: 1.0.13
Check: package dependencies
Result: NOTE
Package suggested but not available for checking: ‘RQuantLib’
Flavor: r-devel-linux-x86_64-fedora-clang