CRAN Package Check Results for Package blockCV

Last updated on 2021-10-26 00:59:46 CEST.

Flavor Version Tinstall Tcheck Ttotal Status Flags
r-devel-linux-x86_64-debian-clang 2.1.4 26.78 317.25 344.03 OK
r-devel-linux-x86_64-debian-gcc 2.1.4 21.53 233.52 255.05 OK
r-devel-linux-x86_64-fedora-clang 2.1.4 418.55 NOTE
r-devel-linux-x86_64-fedora-gcc 2.1.4 405.06 OK
r-devel-windows-x86_64 2.1.4 41.00 348.00 389.00 NOTE
r-devel-windows-x86_64-gcc10-UCRT 2.1.4 OK
r-patched-linux-x86_64 2.1.4 29.14 300.55 329.69 OK
r-patched-solaris-x86 2.1.4 447.30 NOTE
r-release-linux-x86_64 2.1.4 25.90 301.96 327.86 OK
r-release-macos-arm64 2.1.4 NOTE
r-release-macos-x86_64 2.1.4 NOTE
r-release-windows-ix86+x86_64 2.1.4 45.00 348.00 393.00 NOTE
r-oldrel-macos-x86_64 2.1.4 NOTE
r-oldrel-windows-ix86+x86_64 2.1.4 32.00 207.00 239.00 NOTE

Check Details

Version: 2.1.4
Check: installed package size
Result: NOTE
     installed size is 8.7Mb
     sub-directories of 1Mb or more:
     extdata 7.8Mb
Flavors: r-devel-linux-x86_64-fedora-clang, r-devel-windows-x86_64, r-patched-solaris-x86, r-release-macos-arm64, r-release-macos-x86_64, r-release-windows-ix86+x86_64, r-oldrel-macos-x86_64, r-oldrel-windows-ix86+x86_64

Version: 2.1.4
Check: Rd cross-references
Result: NOTE
    Undeclared packages ‘biomod2’, ‘gstat’ in Rd xrefs
Flavor: r-devel-linux-x86_64-fedora-clang