CRAN Package Check Results for Package blockRAR

Last updated on 2021-10-25 00:49:05 CEST.

Flavor Version Tinstall Tcheck Ttotal Status Flags
r-devel-linux-x86_64-debian-clang 1.0.2 11.53 155.41 166.94 NOTE
r-devel-linux-x86_64-debian-gcc 1.0.2 9.37 115.09 124.46 NOTE
r-devel-linux-x86_64-fedora-clang 1.0.2 208.12 NOTE
r-devel-linux-x86_64-fedora-gcc 1.0.2 195.02 NOTE
r-devel-windows-x86_64 1.0.2 18.00 222.00 240.00 NOTE
r-devel-windows-x86_64-gcc10-UCRT 1.0.2 NOTE
r-patched-linux-x86_64 1.0.2 9.41 147.71 157.12 NOTE
r-patched-solaris-x86 1.0.2 283.40 NOTE
r-release-linux-x86_64 1.0.2 9.13 147.85 156.98 NOTE
r-release-macos-arm64 1.0.2 NOTE
r-release-macos-x86_64 1.0.2 NOTE
r-release-windows-ix86+x86_64 1.0.2 19.00 182.00 201.00 NOTE
r-oldrel-macos-x86_64 1.0.2 OK
r-oldrel-windows-ix86+x86_64 1.0.2 32.00 220.00 252.00 OK

Check Details

Version: 1.0.2
Check: LazyData
Result: NOTE
     'LazyData' is specified without a 'data' directory
Flavors: r-devel-linux-x86_64-debian-clang, r-devel-linux-x86_64-debian-gcc, r-devel-linux-x86_64-fedora-clang, r-devel-linux-x86_64-fedora-gcc, r-devel-windows-x86_64, r-devel-windows-x86_64-gcc10-UCRT, r-patched-linux-x86_64, r-patched-solaris-x86, r-release-linux-x86_64, r-release-macos-arm64, r-release-macos-x86_64, r-release-windows-ix86+x86_64