CRAN Package Check Results for Package bluebike

Last updated on 2023-09-30 00:56:00 CEST.

Flavor Version Tinstall Tcheck Ttotal Status Flags
r-devel-linux-x86_64-debian-clang 0.0.3 8.41 93.50 101.91 OK
r-devel-linux-x86_64-debian-gcc 0.0.3 6.10 68.09 74.19 OK
r-devel-linux-x86_64-fedora-clang 0.0.3 118.84 NOTE
r-devel-linux-x86_64-fedora-gcc 0.0.3 132.01 NOTE
r-devel-windows-x86_64 0.0.3 9.00 93.00 102.00 OK
r-patched-linux-x86_64 0.0.3 6.13 87.34 93.47 OK
r-release-linux-x86_64 0.0.3 7.53 90.29 97.82 OK
r-release-macos-arm64 0.0.3 59.00 OK
r-release-macos-x86_64 0.0.3 90.00 OK
r-release-windows-x86_64 0.0.3 13.00 109.00 122.00 OK
r-oldrel-macos-arm64 0.0.3 51.00 NOTE
r-oldrel-macos-x86_64 0.0.3 67.00 NOTE
r-oldrel-windows-x86_64 0.0.3 12.00 108.00 120.00 OK

Check Details

Version: 0.0.3
Check: data for non-ASCII characters
Result: NOTE
     Note: found 7 marked UTF-8 strings
Flavors: r-devel-linux-x86_64-fedora-clang, r-devel-linux-x86_64-fedora-gcc, r-oldrel-macos-arm64, r-oldrel-macos-x86_64