CRAN Package Check Results for Package bmotif

Last updated on 2021-10-26 00:59:46 CEST.

Flavor Version Tinstall Tcheck Ttotal Status Flags
r-devel-linux-x86_64-debian-clang 2.0.2 73.57 184.36 257.93 NOTE
r-devel-linux-x86_64-debian-gcc 2.0.2 53.57 134.35 187.92 NOTE
r-devel-linux-x86_64-fedora-clang 2.0.2 342.13 NOTE
r-devel-linux-x86_64-fedora-gcc 2.0.2 314.41 NOTE
r-devel-windows-x86_64 2.0.2 95.00 228.00 323.00 NOTE
r-devel-windows-x86_64-gcc10-UCRT 2.0.2 NOTE
r-patched-linux-x86_64 2.0.2 67.54 173.44 240.98 NOTE
r-patched-solaris-x86 2.0.2 419.20 NOTE
r-release-linux-x86_64 2.0.2 61.65 174.93 236.58 NOTE
r-release-macos-arm64 2.0.2 NOTE
r-release-macos-x86_64 2.0.2 NOTE
r-release-windows-ix86+x86_64 2.0.2 118.00 385.00 503.00 NOTE
r-oldrel-macos-x86_64 2.0.2 OK
r-oldrel-windows-ix86+x86_64 2.0.2 176.00 372.00 548.00 OK

Check Details

Version: 2.0.2
Check: LazyData
Result: NOTE
     'LazyData' is specified without a 'data' directory
Flavors: r-devel-linux-x86_64-debian-clang, r-devel-linux-x86_64-debian-gcc, r-devel-linux-x86_64-fedora-clang, r-devel-linux-x86_64-fedora-gcc, r-devel-windows-x86_64, r-devel-windows-x86_64-gcc10-UCRT, r-patched-linux-x86_64, r-patched-solaris-x86, r-release-linux-x86_64, r-release-macos-arm64, r-release-macos-x86_64, r-release-windows-ix86+x86_64

Version: 2.0.2
Check: installed package size
Result: NOTE
     installed size is 5.7Mb
     sub-directories of 1Mb or more:
     libs 3.4Mb
Flavors: r-devel-linux-x86_64-fedora-clang, r-release-macos-arm64