CRAN Package Check Results for Package bndesr

Last updated on 2023-09-23 00:53:48 CEST.

Flavor Version Tinstall Tcheck Ttotal Status Flags
r-devel-linux-x86_64-debian-clang 1.0.3 2.65 32.59 35.24 OK
r-devel-linux-x86_64-debian-gcc 1.0.3 2.08 25.42 27.50 OK
r-devel-linux-x86_64-fedora-clang 1.0.3 43.66 NOTE
r-devel-linux-x86_64-fedora-gcc 1.0.3 42.93 NOTE
r-devel-windows-x86_64 1.0.3 4.00 60.00 64.00 OK
r-patched-linux-x86_64 1.0.3 2.65 31.66 34.31 OK
r-release-linux-x86_64 1.0.3 2.40 32.22 34.62 OK
r-release-macos-arm64 1.0.3 35.00 OK
r-release-macos-x86_64 1.0.3 48.00 OK
r-release-windows-x86_64 1.0.3 5.00 58.00 63.00 OK
r-oldrel-macos-arm64 1.0.3 35.00 OK
r-oldrel-macos-x86_64 1.0.3 42.00 OK
r-oldrel-windows-x86_64 1.0.3 5.00 62.00 67.00 OK

Check Details

Version: 1.0.3
Check: dependencies in R code
Result: NOTE
    Namespace in Imports field not imported from: ‘curl’
     All declared Imports should be used.
Flavors: r-devel-linux-x86_64-fedora-clang, r-devel-linux-x86_64-fedora-gcc