CRAN Package Check Results for Package bold

Last updated on 2024-07-18 00:54:49 CEST.

Flavor Version Tinstall Tcheck Ttotal Status Flags
r-devel-linux-x86_64-debian-clang 1.3.0 4.38 72.72 77.10 OK
r-devel-linux-x86_64-debian-gcc 1.3.0 5.08 53.05 58.13 OK
r-devel-linux-x86_64-fedora-clang 1.3.0 98.05 OK
r-devel-linux-x86_64-fedora-gcc 1.3.0 94.14 OK
r-devel-windows-x86_64 1.3.0 6.00 75.00 81.00 OK
r-patched-linux-x86_64 1.3.0 6.76 69.79 76.55 OK
r-release-linux-x86_64 1.3.0 5.63 68.81 74.44 OK
r-release-macos-arm64 1.3.0 30.00 NOTE
r-release-macos-x86_64 1.3.0 48.00 OK
r-release-windows-x86_64 1.3.0 6.00 76.00 82.00 OK
r-oldrel-macos-arm64 1.3.0 29.00 NOTE
r-oldrel-macos-x86_64 1.3.0 58.00 NOTE
r-oldrel-windows-x86_64 1.3.0 8.00 88.00 96.00 OK

Check Details

Version: 1.3.0
Check: package dependencies
Result: NOTE Package suggested but not available for checking: ‘sangerseqR’ Flavors: r-release-macos-arm64, r-oldrel-macos-arm64, r-oldrel-macos-x86_64