CRAN Package Check Results for Package bold

Last updated on 2023-11-29 00:50:12 CET.

Flavor Version Tinstall Tcheck Ttotal Status Flags
r-devel-linux-x86_64-debian-clang 1.3.0 5.04 67.64 72.68 OK
r-devel-linux-x86_64-debian-gcc 1.3.0 3.81 51.01 54.82 OK
r-devel-linux-x86_64-fedora-clang 1.3.0 77.29 NOTE
r-devel-linux-x86_64-fedora-gcc 1.3.0 73.24 NOTE
r-devel-windows-x86_64 1.3.0 5.00 73.00 78.00 OK
r-patched-linux-x86_64 1.3.0 5.30 64.04 69.34 OK
r-release-linux-x86_64 1.3.0 5.90 65.41 71.31 OK
r-release-macos-arm64 1.3.0 29.00 NOTE
r-release-macos-x86_64 1.3.0 58.00 NOTE
r-release-windows-x86_64 1.3.0 6.00 81.00 87.00 OK
r-oldrel-macos-arm64 1.3.0 35.00 NOTE
r-oldrel-macos-x86_64 1.3.0 38.00 NOTE
r-oldrel-windows-x86_64 1.3.0 7.00 86.00 93.00 OK

Check Details

Version: 1.3.0
Check: package dependencies
Result: NOTE Package suggested but not available for checking: ‘sangerseqR’ Flavors: r-devel-linux-x86_64-fedora-clang, r-devel-linux-x86_64-fedora-gcc, r-release-macos-arm64, r-release-macos-x86_64, r-oldrel-macos-arm64, r-oldrel-macos-x86_64