Last updated on 2023-12-06 00:58:07 CET.
Flavor | Version | Tinstall | Tcheck | Ttotal | Status | Flags |
---|---|---|---|---|---|---|
r-devel-linux-x86_64-debian-clang | 2.0.0 | 41.87 | 60.76 | 102.63 | OK | |
r-devel-linux-x86_64-debian-gcc | 2.0.0 | 29.21 | 45.34 | 74.55 | OK | |
r-devel-linux-x86_64-fedora-clang | 2.0.0 | 138.30 | OK | |||
r-devel-linux-x86_64-fedora-gcc | 2.0.0 | 143.76 | OK | |||
r-devel-windows-x86_64 | 2.0.0 | 35.00 | 81.00 | 116.00 | OK | |
r-patched-linux-x86_64 | 1.1.1 | 33.35 | 55.37 | 88.72 | NOTE | |
r-release-linux-x86_64 | 2.0.0 | 29.09 | 57.51 | 86.60 | OK | |
r-release-macos-arm64 | 2.0.0 | 44.00 | OK | |||
r-release-macos-x86_64 | 2.0.0 | 94.00 | OK | |||
r-release-windows-x86_64 | 2.0.0 | 44.00 | 94.00 | 138.00 | OK | |
r-oldrel-macos-arm64 | 2.0.0 | 39.00 | OK | |||
r-oldrel-macos-x86_64 | 1.1.1 | 48.00 | NOTE | |||
r-oldrel-windows-x86_64 | 2.0.0 | 34.00 | 92.00 | 126.00 | OK |
Version: 1.1.1
Check: C++ specification
Result: NOTE
Specified C++11: please drop specification unless essential
Flavor: r-patched-linux-x86_64
Version: 1.1.1
Check: dependencies in R code
Result: NOTE
Namespace in Imports field not imported from: ‘usethis’
All declared Imports should be used.
Flavor: r-oldrel-macos-x86_64