CRAN Package Check Results for Package bootCT

Last updated on 2023-06-03 00:57:03 CEST.

Flavor Version Tinstall Tcheck Ttotal Status Flags
r-devel-linux-x86_64-debian-clang 1.1.1 38.58 57.77 96.35 NOTE
r-devel-linux-x86_64-debian-gcc 1.1.1 29.35 43.68 73.03 NOTE
r-devel-linux-x86_64-fedora-clang 1.1.1 132.20 NOTE
r-devel-linux-x86_64-fedora-gcc 1.1.1 127.08 NOTE
r-devel-windows-x86_64 1.1.1 34.00 79.00 113.00 NOTE
r-patched-linux-x86_64 1.1.1 NOTE
r-release-linux-x86_64 1.1.1 33.91 54.01 87.92 NOTE
r-release-macos-arm64 1.1.1 43.00 NOTE
r-release-macos-x86_64 1.1.1 56.00 NOTE
r-release-windows-x86_64 1.1.1 42.00 96.00 138.00 NOTE
r-oldrel-macos-arm64 1.1.1 39.00 NOTE
r-oldrel-macos-x86_64 1.1.1 48.00 NOTE
r-oldrel-windows-x86_64 1.1.1 40.00 92.00 132.00 OK

Check Details

Version: 1.1.1
Check: C++ specification
Result: NOTE
     Specified C++11: please drop specification unless essential
Flavors: r-devel-linux-x86_64-debian-clang, r-devel-linux-x86_64-debian-gcc, r-devel-linux-x86_64-fedora-clang, r-devel-linux-x86_64-fedora-gcc, r-devel-windows-x86_64, r-patched-linux-x86_64, r-release-linux-x86_64, r-release-macos-arm64, r-release-macos-x86_64, r-release-windows-x86_64

Version: 1.1.1
Check: dependencies in R code
Result: NOTE
    Namespace in Imports field not imported from: ‘usethis’
     All declared Imports should be used.
Flavors: r-devel-linux-x86_64-fedora-clang, r-devel-linux-x86_64-fedora-gcc, r-oldrel-macos-arm64, r-oldrel-macos-x86_64