CRAN Package Check Results for Package bootSVD

Last updated on 2024-07-24 00:53:45 CEST.

Flavor Version Tinstall Tcheck Ttotal Status Flags
r-devel-linux-x86_64-debian-clang 1.1 2.83 37.22 40.05 NOTE
r-devel-linux-x86_64-debian-gcc 1.1 2.46 29.59 32.05 NOTE
r-devel-linux-x86_64-fedora-clang 1.1 51.26 NOTE
r-devel-linux-x86_64-fedora-gcc 1.1 48.96 NOTE
r-devel-windows-x86_64 1.1 4.00 53.00 57.00 NOTE
r-patched-linux-x86_64 1.1 4.23 35.87 40.10 NOTE
r-release-linux-x86_64 1.1 2.69 36.22 38.91 NOTE
r-release-macos-arm64 1.1 20.00 NOTE
r-release-macos-x86_64 1.1 37.00 NOTE
r-release-windows-x86_64 1.1 3.00 52.00 55.00 NOTE
r-oldrel-macos-arm64 1.1 28.00 OK
r-oldrel-macos-x86_64 1.1 76.00 OK
r-oldrel-windows-x86_64 1.1 5.00 57.00 62.00 OK

Check Details

Version: 1.1
Check: Rd files
Result: NOTE checkRd: (-1) bootSVD.Rd:13: Lost braces; missing escapes or markup? 13 | \item{Y}{initial data sample, which can be either a matrix or a \code{\link{ff}} matrix. \code{Y} can be either tall (\eqn{p} by \eqn{n}) or wide (\eqn{n} by \eqn{p}). If \code{Y} is entered and \code{V}, \code{d} and \code{U} (see definitions below) are not entered, then \code{bootSVD} will also compute the SVD of \code{Y}. In this case where the SVD is computed, \code{bootSVD} will assume that the larger dimension of \code{Y} is \eqn{p}, and the smaller dimension of code {Y} is \eqn{n} (i.e. \code{bootSVD} assumes that (\eqn{p>n}). This assumption can be overriden by manually entering \code{V}, \code{U} and \code{d}.\cr | ^ Flavors: r-devel-linux-x86_64-debian-clang, r-devel-linux-x86_64-debian-gcc, r-devel-linux-x86_64-fedora-clang, r-devel-linux-x86_64-fedora-gcc, r-devel-windows-x86_64, r-patched-linux-x86_64, r-release-linux-x86_64, r-release-macos-arm64, r-release-macos-x86_64, r-release-windows-x86_64

Version: 1.1
Check: Rd cross-references
Result: NOTE Found the following Rd file(s) with Rd \link{} targets missing package anchors: As2Vs.Rd: ff bootSVD.Rd: ff fastSVD.Rd: ff ffmatrixmult.Rd: ff getMomentsAndMomentCI.Rd: ff reindexMatricesByK.Rd: ff Please provide package anchors for all Rd \link{} targets not in the package itself and the base packages. Flavors: r-devel-linux-x86_64-debian-gcc, r-devel-windows-x86_64