CRAN Package Check Results for Package bootUR

Last updated on 2021-10-23 00:48:48 CEST.

Flavor Version Tinstall Tcheck Ttotal Status Flags
r-devel-linux-x86_64-debian-clang 0.3.0 42.96 103.46 146.42 OK
r-devel-linux-x86_64-debian-gcc 0.3.0 33.86 76.54 110.40 OK
r-devel-linux-x86_64-fedora-clang 0.3.0 212.58 OK
r-devel-linux-x86_64-fedora-gcc 0.3.0 199.65 OK
r-devel-windows-x86_64 0.3.0 60.00 178.00 238.00 OK
r-devel-windows-x86_64-gcc10-UCRT 0.3.0 OK
r-patched-linux-x86_64 0.3.0 42.02 104.88 146.90 OK
r-patched-solaris-x86 0.3.0 137.80 OK
r-release-linux-x86_64 0.3.0 39.20 105.29 144.49 OK
r-release-macos-arm64 0.3.0 NOTE
r-release-macos-x86_64 0.3.0 NOTE
r-release-windows-ix86+x86_64 0.3.0 76.00 209.00 285.00 OK
r-oldrel-macos-x86_64 0.3.0 NOTE
r-oldrel-windows-ix86+x86_64 0.3.0 114.00 219.00 333.00 OK

Check Details

Version: 0.3.0
Check: installed package size
Result: NOTE
     installed size is 6.0Mb
     sub-directories of 1Mb or more:
     libs 5.6Mb
Flavors: r-release-macos-arm64, r-release-macos-x86_64, r-oldrel-macos-x86_64