CRAN Package Check Results for Package bootstrapFP

Last updated on 2023-12-02 00:51:51 CET.

Flavor Version Tinstall Tcheck Ttotal Status Flags
r-devel-linux-x86_64-debian-clang 0.4.5 3.14 26.85 29.99 NOTE
r-devel-linux-x86_64-debian-gcc 0.4.5 2.29 21.05 23.34 NOTE
r-devel-linux-x86_64-fedora-clang 0.4.5 37.11 OK
r-devel-linux-x86_64-fedora-gcc 0.4.5 35.29 OK
r-devel-windows-x86_64 0.4.5 3.00 44.00 47.00 OK
r-patched-linux-x86_64 0.4.5 2.95 24.23 27.18 OK
r-release-linux-x86_64 0.4.5 2.51 24.91 27.42 OK
r-release-macos-arm64 0.4.5 17.00 OK
r-release-macos-x86_64 0.4.5 32.00 OK
r-release-windows-x86_64 0.4.5 3.00 42.00 45.00 OK
r-oldrel-macos-arm64 0.4.5 21.00 OK
r-oldrel-macos-x86_64 0.4.5 28.00 OK
r-oldrel-windows-x86_64 0.4.5 5.00 41.00 46.00 OK

Check Details

Version: 0.4.5
Check: Rd files
Result: NOTE checkRd: (-1) select_Uc.Rd:16: Lost braces 16 | function /code{ppBS_srs()}. | ^ Flavors: r-devel-linux-x86_64-debian-clang, r-devel-linux-x86_64-debian-gcc