CRAN Package Check Results for Package bpgmm

Last updated on 2021-10-24 00:50:52 CEST.

Flavor Version Tinstall Tcheck Ttotal Status Flags
r-devel-linux-x86_64-debian-clang 1.0.7 105.70 75.28 180.98 NOTE
r-devel-linux-x86_64-debian-gcc 1.0.7 83.56 55.45 139.01 NOTE
r-devel-linux-x86_64-fedora-clang 1.0.7 269.84 NOTE
r-devel-linux-x86_64-fedora-gcc 1.0.7 237.35 NOTE
r-devel-windows-x86_64 1.0.7 136.00 109.00 245.00 NOTE
r-devel-windows-x86_64-gcc10-UCRT 1.0.7 NOTE
r-patched-linux-x86_64 1.0.7 96.70 70.48 167.18 NOTE
r-patched-solaris-x86 1.0.7 240.50 NOTE
r-release-linux-x86_64 1.0.7 81.52 69.54 151.06 NOTE
r-release-macos-arm64 1.0.7 NOTE
r-release-macos-x86_64 1.0.7 NOTE
r-release-windows-ix86+x86_64 1.0.7 181.00 138.00 319.00 NOTE
r-oldrel-macos-x86_64 1.0.7 NOTE
r-oldrel-windows-ix86+x86_64 1.0.7 279.00 140.00 419.00 OK

Check Details

Version: 1.0.7
Check: LazyData
Result: NOTE
     'LazyData' is specified without a 'data' directory
Flavors: r-devel-linux-x86_64-debian-clang, r-devel-linux-x86_64-debian-gcc, r-devel-linux-x86_64-fedora-clang, r-devel-linux-x86_64-fedora-gcc, r-devel-windows-x86_64, r-devel-windows-x86_64-gcc10-UCRT, r-patched-linux-x86_64, r-patched-solaris-x86, r-release-linux-x86_64, r-release-macos-arm64, r-release-macos-x86_64, r-release-windows-ix86+x86_64

Version: 1.0.7
Check: installed package size
Result: NOTE
     installed size is 5.4Mb
     sub-directories of 1Mb or more:
     libs 5.1Mb
Flavors: r-devel-linux-x86_64-fedora-clang, r-release-macos-arm64, r-release-macos-x86_64, r-oldrel-macos-x86_64