CRAN Package Check Results for Package breathteststan

Last updated on 2024-06-13 00:55:08 CEST.

Flavor Version Tinstall Tcheck Ttotal Status Flags
r-devel-linux-x86_64-debian-clang 0.8.5 195.38 190.51 385.89 NOTE
r-devel-linux-x86_64-debian-gcc 0.8.5 0.27 1.58 1.85 ERROR
r-devel-linux-x86_64-fedora-clang 0.8.5 467.64 NOTE
r-devel-linux-x86_64-fedora-gcc 0.8.5 551.19 NOTE
r-devel-windows-x86_64 0.8.5 143.00 178.00 321.00 NOTE
r-patched-linux-x86_64 0.8.5 125.48 211.38 336.86 NOTE
r-release-linux-x86_64 0.8.5 142.92 207.98 350.90 NOTE
r-release-macos-arm64 0.8.5 121.00 NOTE
r-release-macos-x86_64 0.8.5 162.00 NOTE
r-release-windows-x86_64 0.8.5 135.00 176.00 311.00 NOTE
r-oldrel-macos-arm64 0.8.5 105.00 NOTE
r-oldrel-macos-x86_64 0.8.5 213.00 NOTE
r-oldrel-windows-x86_64 0.8.5 176.00 224.00 400.00 NOTE

Check Details

Version: 0.8.5
Check: for GNU extensions in Makefiles
Result: NOTE GNU make is a SystemRequirements. Flavors: r-devel-linux-x86_64-debian-clang, r-devel-linux-x86_64-fedora-clang, r-devel-linux-x86_64-fedora-gcc, r-devel-windows-x86_64, r-patched-linux-x86_64, r-release-linux-x86_64, r-release-macos-arm64, r-release-macos-x86_64, r-release-windows-x86_64, r-oldrel-macos-arm64, r-oldrel-macos-x86_64, r-oldrel-windows-x86_64

Version: 0.8.5
Check: package dependencies
Result: ERROR Packages required but not available: 'dplyr', 'purrr', 'rstan', 'stringr', 'tidyr', 'breathtestcore' Packages suggested but not available for checking: 'ggplot2', 'shinystan', 'igraph', 'bayesplot', 'testthat' See section ‘The DESCRIPTION file’ in the ‘Writing R Extensions’ manual. Flavor: r-devel-linux-x86_64-debian-gcc

Version: 0.8.5
Check: installed package size
Result: NOTE installed size is 45.2Mb sub-directories of 1Mb or more: libs 44.9Mb Flavors: r-release-macos-arm64, r-release-macos-x86_64, r-oldrel-macos-arm64, r-oldrel-macos-x86_64