Last updated on 2023-06-10 00:54:40 CEST.
Flavor | Version | Tinstall | Tcheck | Ttotal | Status | Flags |
---|---|---|---|---|---|---|
r-devel-linux-x86_64-debian-clang | 0.2.0 | 97.87 | 215.92 | 313.79 | NOTE | |
r-devel-linux-x86_64-debian-gcc | 0.2.0 | 72.95 | 161.61 | 234.56 | NOTE | |
r-devel-linux-x86_64-fedora-clang | 0.2.0 | 421.21 | NOTE | |||
r-devel-linux-x86_64-fedora-gcc | 0.2.0 | 419.09 | NOTE | |||
r-devel-windows-x86_64 | 0.2.0 | 78.00 | 177.00 | 255.00 | NOTE | |
r-patched-linux-x86_64 | 0.2.0 | 87.76 | 198.74 | 286.50 | NOTE | |
r-release-linux-x86_64 | 0.2.0 | 61.58 | 199.07 | 260.65 | NOTE | |
r-release-macos-arm64 | 0.2.0 | 118.00 | NOTE | |||
r-release-macos-x86_64 | 0.2.0 | 193.00 | NOTE | |||
r-release-windows-x86_64 | 0.2.0 | 98.00 | 220.00 | 318.00 | NOTE | |
r-oldrel-macos-arm64 | 0.2.0 | 109.00 | NOTE | |||
r-oldrel-macos-x86_64 | 0.2.0 | 134.00 | NOTE | |||
r-oldrel-windows-x86_64 | 0.2.0 | 98.00 | 217.00 | 315.00 | OK |
Version: 0.2.0
Check: C++ specification
Result: NOTE
Specified C++11: please drop specification unless essential
Flavors: r-devel-linux-x86_64-debian-clang, r-devel-linux-x86_64-debian-gcc, r-devel-linux-x86_64-fedora-clang, r-devel-linux-x86_64-fedora-gcc, r-devel-windows-x86_64, r-patched-linux-x86_64, r-release-linux-x86_64, r-release-macos-arm64, r-release-macos-x86_64, r-release-windows-x86_64
Version: 0.2.0
Check: installed package size
Result: NOTE
installed size is 5.3Mb
sub-directories of 1Mb or more:
doc 2.7Mb
libs 2.5Mb
Flavors: r-release-macos-arm64, r-release-macos-x86_64, r-oldrel-macos-arm64, r-oldrel-macos-x86_64