Last updated on 2023-01-30 00:31:06 CET.
Flavor | Version | Tinstall | Tcheck | Ttotal | Status | Flags |
---|---|---|---|---|---|---|
r-devel-linux-x86_64-debian-clang | 0.1.2 | 23.25 | 190.06 | 213.31 | NOTE | |
r-devel-linux-x86_64-debian-gcc | 0.1.2 | 16.22 | 140.69 | 156.91 | NOTE | |
r-devel-linux-x86_64-fedora-clang | 0.1.2 | 266.19 | NOTE | |||
r-devel-linux-x86_64-fedora-gcc | 0.1.2 | 250.70 | NOTE | |||
r-devel-windows-x86_64 | 0.1.2 | 26.00 | 222.00 | 248.00 | NOTE | |
r-patched-linux-x86_64 | 0.1.2 | 0.28 | 2.92 | 3.20 | ERROR | |
r-release-linux-x86_64 | 0.1.2 | 21.29 | 179.11 | 200.40 | NOTE | |
r-release-macos-arm64 | 0.1.2 | 76.00 | NOTE | |||
r-release-macos-x86_64 | 0.1.2 | 117.00 | NOTE | |||
r-release-windows-x86_64 | 0.1.2 | 23.00 | 212.00 | 235.00 | NOTE | |
r-oldrel-macos-arm64 | 0.1.2 | 74.00 | NOTE | |||
r-oldrel-macos-x86_64 | 0.1.2 | 110.00 | NOTE | |||
r-oldrel-windows-ix86+x86_64 | 0.1.2 | 47.00 | 215.00 | 262.00 | NOTE |
Version: 0.1.2
Check: LazyData
Result: NOTE
'LazyData' is specified without a 'data' directory
Flavors: r-devel-linux-x86_64-debian-clang, r-devel-linux-x86_64-debian-gcc, r-devel-linux-x86_64-fedora-clang, r-devel-linux-x86_64-fedora-gcc, r-devel-windows-x86_64, r-release-linux-x86_64, r-release-macos-arm64, r-release-macos-x86_64, r-release-windows-x86_64, r-oldrel-macos-arm64, r-oldrel-macos-x86_64, r-oldrel-windows-ix86+x86_64
Version: 0.1.2
Check: package dependencies
Result: ERROR
Package required but not available: ‘blavaan’
See section ‘The DESCRIPTION file’ in the ‘Writing R Extensions’
manual.
Flavor: r-patched-linux-x86_64