CRAN Package Check Results for Package bssn

Last updated on 2023-05-29 00:59:29 CEST.

Flavor Version Tinstall Tcheck Ttotal Status Flags
r-devel-linux-x86_64-debian-clang 1.0 9.01 67.25 76.26 OK
r-devel-linux-x86_64-debian-gcc 1.0 7.48 51.37 58.85 OK
r-devel-linux-x86_64-fedora-clang 1.0 94.67 NOTE
r-devel-linux-x86_64-fedora-gcc 1.0 92.09 NOTE
r-devel-windows-x86_64 1.0 10.00 67.00 77.00 OK
r-patched-linux-x86_64 1.0 8.68 64.11 72.79 OK
r-release-linux-x86_64 1.0 8.08 64.00 72.08 OK
r-release-macos-arm64 1.0 30.00 OK
r-release-macos-x86_64 1.0 48.00 OK
r-release-windows-x86_64 1.0 13.00 80.00 93.00 OK
r-oldrel-macos-arm64 1.0 33.00 NOTE
r-oldrel-macos-x86_64 1.0 60.00 NOTE
r-oldrel-windows-x86_64 1.0 13.00 81.00 94.00 OK

Check Details

Version: 1.0
Check: dependencies in R code
Result: NOTE
    Namespaces in Imports field not imported from:
     ‘mvtnorm’ ‘ssmn’
     All declared Imports should be used.
Flavors: r-devel-linux-x86_64-fedora-clang, r-devel-linux-x86_64-fedora-gcc, r-oldrel-macos-arm64, r-oldrel-macos-x86_64