CRAN Package Check Results for Package bsts

Last updated on 2024-07-16 00:55:56 CEST.

Flavor Version Tinstall Tcheck Ttotal Status Flags
r-devel-linux-x86_64-debian-clang 0.9.10 117.04 139.39 256.43 OK
r-devel-linux-x86_64-debian-gcc 0.9.10 92.52 96.86 189.38 OK
r-devel-linux-x86_64-fedora-clang 0.9.10 355.30 NOTE
r-devel-linux-x86_64-fedora-gcc 0.9.10 385.40 OK
r-devel-windows-x86_64 0.9.10 107.00 158.00 265.00 NOTE
r-patched-linux-x86_64 0.9.10 118.77 134.69 253.46 OK
r-release-linux-x86_64 0.9.10 117.95 135.74 253.69 OK
r-release-macos-arm64 0.9.10 82.00 NOTE
r-release-macos-x86_64 0.9.10 123.00 NOTE
r-release-windows-x86_64 0.9.10 107.00 163.00 270.00 NOTE
r-oldrel-macos-arm64 0.9.10 87.00 NOTE
r-oldrel-macos-x86_64 0.9.10 161.00 NOTE
r-oldrel-windows-x86_64 0.9.10 129.00 251.00 380.00 NOTE

Additional issues

rchk

Check Details

Version: 0.9.10
Check: installed package size
Result: NOTE installed size is 9.5Mb sub-directories of 1Mb or more: libs 8.6Mb Flavors: r-devel-linux-x86_64-fedora-clang, r-devel-windows-x86_64, r-release-macos-arm64, r-release-macos-x86_64, r-release-windows-x86_64, r-oldrel-macos-arm64, r-oldrel-macos-x86_64, r-oldrel-windows-x86_64

Version: 0.9.10
Check: Rd cross-references
Result: NOTE Found the following Rd file(s) with Rd \link{} targets missing package anchors: add.dynamic.regression.Rd: SdPrior add.monthly.annual.cycle.Rd: zoo bsts.Rd: zoo descriptive-plots.Rd: zoo, yearmon mbsts.Rd: SpikeSlabPrior plot.bsts.mixed.Rd: TimeSeriesBoxplot to.posixt.Rd: yearmon wide.to.long.Rd: zoo Please provide package anchors for all Rd \link{} targets not in the package itself and the base packages. Flavor: r-devel-windows-x86_64