CRAN Package Check Results for Package bsub

Last updated on 2021-10-22 00:50:20 CEST.

Flavor Version Tinstall Tcheck Ttotal Status Flags
r-devel-linux-x86_64-debian-clang 1.1.0 5.50 39.88 45.38 OK
r-devel-linux-x86_64-debian-gcc 1.1.0 4.26 30.87 35.13 OK
r-devel-linux-x86_64-fedora-clang 1.1.0 66.74 OK
r-devel-linux-x86_64-fedora-gcc 1.1.0 55.49 OK
r-devel-windows-x86_64 1.1.0 10.00 61.00 71.00 OK
r-devel-windows-x86_64-gcc10-UCRT 1.1.0 NOTE
r-patched-linux-x86_64 1.1.0 5.03 38.59 43.62 OK
r-patched-solaris-x86 1.1.0 83.20 NOTE
r-release-linux-x86_64 1.1.0 4.99 38.34 43.33 OK
r-release-macos-arm64 1.1.0 OK
r-release-macos-x86_64 1.1.0 OK
r-release-windows-ix86+x86_64 1.1.0 8.00 60.00 68.00 OK
r-oldrel-macos-x86_64 1.1.0 OK
r-oldrel-windows-ix86+x86_64 1.1.0 11.00 58.00 69.00 OK

Check Details

Version: 1.1.0
Check: package dependencies
Result: NOTE
    Package suggested but not available for checking: 'igraph'
Flavor: r-devel-windows-x86_64-gcc10-UCRT

Version: 1.1.0
Check: package dependencies
Result: NOTE
    Package suggested but not available for checking: ‘ssh’
Flavor: r-patched-solaris-x86