Last updated on 2023-11-29 00:50:12 CET.
Flavor | Version | Tinstall | Tcheck | Ttotal | Status | Flags |
---|---|---|---|---|---|---|
r-devel-linux-x86_64-debian-clang | 0.2.0 | 93.14 | 146.82 | 239.96 | NOTE | |
r-devel-linux-x86_64-debian-gcc | 0.2.0 | 66.23 | 113.67 | 179.90 | NOTE | |
r-devel-linux-x86_64-fedora-clang | 0.2.0 | 348.75 | NOTE | |||
r-devel-linux-x86_64-fedora-gcc | 0.2.0 | 341.23 | NOTE | |||
r-devel-windows-x86_64 | 0.2.0 | 77.00 | 160.00 | 237.00 | NOTE | |
r-patched-linux-x86_64 | 0.2.0 | 83.65 | 147.77 | 231.42 | NOTE | |
r-release-linux-x86_64 | 0.2.0 | 77.67 | 144.96 | 222.63 | NOTE | |
r-release-macos-arm64 | 0.2.0 | 96.00 | NOTE | |||
r-release-macos-x86_64 | 0.2.0 | 156.00 | NOTE | |||
r-release-windows-x86_64 | 0.2.0 | 103.00 | 184.00 | 287.00 | NOTE | |
r-oldrel-macos-arm64 | 0.2.0 | 89.00 | OK | |||
r-oldrel-macos-x86_64 | 0.2.0 | 110.00 | OK | |||
r-oldrel-windows-x86_64 | 0.2.0 | 97.00 | 193.00 | 290.00 | OK |
Version: 0.2.0
Check: C++ specification
Result: NOTE
Specified C++11: please drop specification unless essential
Flavors: r-devel-linux-x86_64-debian-clang, r-devel-linux-x86_64-debian-gcc, r-devel-linux-x86_64-fedora-clang, r-devel-linux-x86_64-fedora-gcc, r-devel-windows-x86_64, r-patched-linux-x86_64, r-release-linux-x86_64, r-release-macos-arm64, r-release-macos-x86_64, r-release-windows-x86_64