CRAN Package Check Results for Package bubblyr

Last updated on 2025-01-12 00:49:34 CET.

Flavor Version Tinstall Tcheck Ttotal Status Flags
r-devel-linux-x86_64-debian-clang 0.1.2 2.16 21.58 23.74 OK
r-devel-linux-x86_64-debian-gcc 0.1.2 1.63 18.54 20.17 OK
r-devel-linux-x86_64-fedora-clang 0.1.2 39.25 OK
r-devel-linux-x86_64-fedora-gcc 0.1.2 52.52 OK
r-devel-windows-x86_64 0.1.2 3.00 48.00 51.00 OK
r-patched-linux-x86_64 0.1.2 2.18 21.06 23.24 NOTE
r-release-linux-x86_64 0.1.2 2.10 20.97 23.07 NOTE
r-release-macos-arm64 0.1.2 23.00 NOTE
r-release-macos-x86_64 0.1.2 35.00 NOTE
r-release-windows-x86_64 0.1.2 3.00 48.00 51.00 NOTE
r-oldrel-macos-arm64 0.1.2 22.00 NOTE
r-oldrel-macos-x86_64 0.1.2 35.00 NOTE
r-oldrel-windows-x86_64 0.1.2 4.00 48.00 52.00 NOTE

Check Details

Version: 0.1.2
Check: LazyData
Result: NOTE 'LazyData' is specified without a 'data' directory Flavors: r-patched-linux-x86_64, r-release-linux-x86_64, r-release-macos-arm64, r-release-macos-x86_64, r-release-windows-x86_64, r-oldrel-macos-arm64, r-oldrel-macos-x86_64, r-oldrel-windows-x86_64