CRAN Package Check Results for Package buildmer

Last updated on 2021-10-23 00:48:48 CEST.

Flavor Version Tinstall Tcheck Ttotal Status Flags
r-devel-linux-x86_64-debian-clang 2.1 11.13 163.80 174.93 OK
r-devel-linux-x86_64-debian-gcc 2.1 10.10 128.08 138.18 OK
r-devel-linux-x86_64-fedora-clang 2.1 220.35 OK
r-devel-linux-x86_64-fedora-gcc 2.1 213.45 OK
r-devel-windows-x86_64 2.1 21.00 209.00 230.00 OK
r-devel-windows-x86_64-gcc10-UCRT 2.1 OK
r-patched-linux-x86_64 2.1 12.85 160.23 173.08 OK
r-patched-solaris-x86 2.1 228.60 NOTE
r-release-linux-x86_64 2.1 12.52 162.37 174.89 OK
r-release-macos-arm64 2.1 OK
r-release-macos-x86_64 2.1 OK
r-release-windows-ix86+x86_64 2.1 22.00 215.00 237.00 OK
r-oldrel-macos-x86_64 2.1 OK
r-oldrel-windows-ix86+x86_64 2.1 32.00 213.00 245.00 OK

Check Details

Version: 2.1
Check: package dependencies
Result: NOTE
    Package suggested but not available for checking: ‘glmmTMB’
Flavor: r-patched-solaris-x86