CRAN Package Check Results for Package bupaR

Last updated on 2023-09-27 00:10:03 CEST.

Flavor Version Tinstall Tcheck Ttotal Status Flags
r-devel-linux-x86_64-debian-clang 0.5.3 12.38 121.54 133.92 NOTE
r-devel-linux-x86_64-debian-gcc 0.5.3 8.91 88.72 97.63 NOTE
r-devel-linux-x86_64-fedora-clang 0.5.3 161.22 NOTE
r-devel-linux-x86_64-fedora-gcc 0.5.3 163.35 NOTE
r-devel-windows-x86_64 0.5.3 16.00 108.00 124.00 NOTE
r-patched-linux-x86_64 0.5.3 19.20 115.15 134.35 OK
r-release-linux-x86_64 0.5.3 14.68 108.26 122.94 OK
r-release-macos-arm64 0.5.3 46.00 OK
r-release-macos-x86_64 0.5.3 77.00 OK
r-release-windows-x86_64 0.5.3 19.00 132.00 151.00 OK
r-oldrel-macos-arm64 0.5.3 47.00 OK
r-oldrel-macos-x86_64 0.5.3 63.00 OK
r-oldrel-windows-x86_64 0.5.3 20.00 125.00 145.00 OK

Check Details

Version: 0.5.3
Check: Rd \usage sections
Result: NOTE
    Documented arguments not in \usage in documentation object 'count':
     ‘.data’
    
    Documented arguments not in \usage in documentation object 'unite':
     ‘.data’
    
    Functions with \usage entries need to have the appropriate \alias
    entries, and all their arguments documented.
    The \usage entries must correspond to syntactically valid R code.
    See chapter ‘Writing R documentation files’ in the ‘Writing R
    Extensions’ manual.
Flavors: r-devel-linux-x86_64-debian-clang, r-devel-linux-x86_64-debian-gcc, r-devel-linux-x86_64-fedora-clang, r-devel-linux-x86_64-fedora-gcc, r-devel-windows-x86_64