CRAN Package Check Results for Package bvarsv

Last updated on 2024-06-17 00:49:54 CEST.

Flavor Version Tinstall Tcheck Ttotal Status Flags
r-devel-linux-x86_64-debian-clang 1.1 47.83 34.59 82.42 OK
r-devel-linux-x86_64-debian-gcc 1.1 30.60 26.48 57.08 OK
r-devel-linux-x86_64-fedora-clang 1.1 110.80 NOTE
r-devel-linux-x86_64-fedora-gcc 1.1 114.47 NOTE
r-devel-windows-x86_64 1.1 35.00 61.00 96.00 OK
r-patched-linux-x86_64 1.1 35.90 34.08 69.98 OK
r-release-linux-x86_64 1.1 33.98 34.42 68.40 OK
r-release-macos-arm64 1.1 30.00 OK
r-release-macos-x86_64 1.1 45.00 OK
r-release-windows-x86_64 1.1 35.00 69.00 104.00 OK
r-oldrel-macos-arm64 1.1 35.00 OK
r-oldrel-macos-x86_64 1.1 51.00 OK
r-oldrel-windows-x86_64 1.1 43.00 80.00 123.00 OK

Check Details

Version: 1.1
Check: compiled code
Result: NOTE File ‘bvarsv/libs/bvarsv.so’: Found no calls to: ‘R_registerRoutines’, ‘R_useDynamicSymbols’ It is good practice to register native routines and to disable symbol search. See ‘Writing portable packages’ in the ‘Writing R Extensions’ manual. Flavors: r-devel-linux-x86_64-fedora-clang, r-devel-linux-x86_64-fedora-gcc