CRAN Package Check Results for Package bwd

Last updated on 2021-10-17 00:48:32 CEST.

Flavor Version Tinstall Tcheck Ttotal Status Flags
r-devel-linux-x86_64-debian-clang 0.1.0 2.67 21.40 24.07 NOTE
r-devel-linux-x86_64-debian-gcc 0.1.0 2.13 16.70 18.83 NOTE
r-devel-linux-x86_64-fedora-clang 0.1.0 39.98 NOTE
r-devel-linux-x86_64-fedora-gcc 0.1.0 28.77 NOTE
r-devel-windows-x86_64 0.1.0 6.00 26.00 32.00 NOTE
r-devel-windows-x86_64-gcc10-UCRT 0.1.0 NOTE
r-patched-linux-x86_64 0.1.0 2.26 20.63 22.89 NOTE
r-patched-solaris-x86 0.1.0 46.80 NOTE
r-release-linux-x86_64 0.1.0 2.62 20.76 23.38 NOTE
r-release-macos-arm64 0.1.0 NOTE
r-release-macos-x86_64 0.1.0 NOTE
r-release-windows-ix86+x86_64 0.1.0 8.00 34.00 42.00 NOTE
r-oldrel-macos-x86_64 0.1.0 OK
r-oldrel-windows-ix86+x86_64 0.1.0 9.00 33.00 42.00 OK

Check Details

Version: 0.1.0
Check: LazyData
Result: NOTE
     'LazyData' is specified without a 'data' directory
Flavors: r-devel-linux-x86_64-debian-clang, r-devel-linux-x86_64-debian-gcc, r-devel-linux-x86_64-fedora-clang, r-devel-linux-x86_64-fedora-gcc, r-devel-windows-x86_64, r-devel-windows-x86_64-gcc10-UCRT, r-patched-linux-x86_64, r-patched-solaris-x86, r-release-linux-x86_64, r-release-macos-arm64, r-release-macos-x86_64, r-release-windows-ix86+x86_64