CRAN Package Check Results for Package cAIC4

Last updated on 2024-03-05 00:51:33 CET.

Flavor Version Tinstall Tcheck Ttotal Status Flags
r-devel-linux-x86_64-debian-clang 1.0 11.30 102.65 113.95 NOTE
r-devel-linux-x86_64-debian-gcc 1.0 10.29 77.86 88.15 NOTE
r-devel-linux-x86_64-fedora-clang 1.0 141.24 NOTE
r-devel-linux-x86_64-fedora-gcc 1.0 137.65 NOTE
r-devel-windows-x86_64 1.0 10.00 95.00 105.00 NOTE
r-patched-linux-x86_64 1.0 21.16 99.46 120.62 NOTE
r-release-linux-x86_64 1.0 8.29 101.78 110.07 NOTE
r-release-macos-arm64 1.0 47.00 NOTE
r-release-macos-x86_64 1.0 70.00 NOTE
r-release-windows-x86_64 1.0 15.00 110.00 125.00 NOTE
r-oldrel-macos-arm64 1.0 44.00 OK
r-oldrel-windows-x86_64 1.0 14.00 111.00 125.00 OK

Check Details

Version: 1.0
Check: Rd files
Result: NOTE checkRd: (-1) deleteZeroComponents.Rd:70: Escaped LaTeX specials: \& \& Flavors: r-devel-linux-x86_64-debian-clang, r-devel-linux-x86_64-debian-gcc, r-devel-linux-x86_64-fedora-clang, r-devel-linux-x86_64-fedora-gcc, r-devel-windows-x86_64, r-patched-linux-x86_64, r-release-linux-x86_64, r-release-macos-arm64, r-release-macos-x86_64, r-release-windows-x86_64