CRAN Package Check Results for Package callsync

Last updated on 2024-06-13 00:55:08 CEST.

Flavor Version Tinstall Tcheck Ttotal Status Flags
r-devel-linux-x86_64-debian-clang 0.2.3 8.92 394.91 403.83 OK
r-devel-linux-x86_64-debian-gcc 0.2.3 0.56 1.87 2.43 ERROR
r-devel-linux-x86_64-fedora-clang 0.2.3 489.76 OK
r-devel-linux-x86_64-fedora-gcc 0.2.3 501.28 OK
r-devel-windows-x86_64 0.2.3 9.00 364.00 373.00 OK
r-patched-linux-x86_64 0.2.3 10.36 382.31 392.67 OK
r-release-linux-x86_64 0.2.3 11.27 386.17 397.44 OK
r-release-macos-arm64 0.2.3 196.00 OK
r-release-macos-x86_64 0.2.3 271.00 OK
r-release-windows-x86_64 0.2.3 12.00 364.00 376.00 OK
r-oldrel-macos-arm64 0.2.3 195.00 OK
r-oldrel-macos-x86_64 0.2.3 465.00 OK
r-oldrel-windows-x86_64 0.2.3 12.00 411.00 423.00 OK

Check Details

Version: 0.2.3
Check: package dependencies
Result: ERROR Packages required but not available: 'dplyr', 'stringr' Package suggested but not available for checking: ‘testthat’ See section ‘The DESCRIPTION file’ in the ‘Writing R Extensions’ manual. Flavor: r-devel-linux-x86_64-debian-gcc