CRAN Package Check Results for Package capwire

Last updated on 2021-10-17 00:48:32 CEST.

Flavor Version Tinstall Tcheck Ttotal Status Flags
r-devel-linux-x86_64-debian-clang 1.1.4 2.90 44.12 47.02 NOTE
r-devel-linux-x86_64-debian-gcc 1.1.4 1.99 32.01 34.00 NOTE
r-devel-linux-x86_64-fedora-clang 1.1.4 64.87 NOTE
r-devel-linux-x86_64-fedora-gcc 1.1.4 55.08 NOTE
r-devel-windows-x86_64 1.1.4 4.00 42.00 46.00 NOTE
r-devel-windows-x86_64-gcc10-UCRT 1.1.4 NOTE
r-patched-linux-x86_64 1.1.4 2.90 42.55 45.45 NOTE
r-patched-solaris-x86 1.1.4 70.90 NOTE
r-release-linux-x86_64 1.1.4 2.65 41.53 44.18 NOTE
r-release-macos-arm64 1.1.4 NOTE
r-release-macos-x86_64 1.1.4 NOTE
r-release-windows-ix86+x86_64 1.1.4 6.00 42.00 48.00 NOTE
r-oldrel-macos-x86_64 1.1.4 NOTE
r-oldrel-windows-ix86+x86_64 1.1.4 5.00 42.00 47.00 NOTE

Check Details

Version: 1.1.4
Check: R code for possible problems
Result: NOTE
    bootstrapCapwire: no visible global function definition for 'quantile'
    drawCapRatesBeta : <anonymous>: no visible global function definition
     for 'rbeta'
    drawCapRatesExp : <anonymous>: no visible global function definition
     for 'rexp'
    drawCapRatesGamma : <anonymous>: no visible global function definition
     for 'rgamma'
    drawCapRatesGeom : <anonymous>: no visible global function definition
     for 'rgeom'
    drawCapRatesUnif : <anonymous>: no visible global function definition
     for 'runif'
    partitionCountData : find.3.way.partitions: no visible global function
     definition for 'dmultinom'
    Undefined global functions or variables:
     dmultinom quantile rbeta rexp rgamma rgeom runif
    Consider adding
     importFrom("stats", "dmultinom", "quantile", "rbeta", "rexp", "rgamma",
     "rgeom", "runif")
    to your NAMESPACE file.
Flavors: r-devel-linux-x86_64-debian-clang, r-devel-linux-x86_64-debian-gcc, r-devel-linux-x86_64-fedora-clang, r-devel-linux-x86_64-fedora-gcc, r-devel-windows-x86_64, r-devel-windows-x86_64-gcc10-UCRT, r-patched-linux-x86_64, r-patched-solaris-x86, r-release-linux-x86_64, r-release-macos-arm64, r-release-macos-x86_64, r-release-windows-ix86+x86_64, r-oldrel-macos-x86_64, r-oldrel-windows-ix86+x86_64