CRAN Package Check Results for Package carpenter

Last updated on 2021-10-27 00:50:59 CEST.

Flavor Version Tinstall Tcheck Ttotal Status Flags
r-devel-linux-x86_64-debian-clang 0.2.2 3.72 41.01 44.73 NOTE
r-devel-linux-x86_64-debian-gcc 0.2.2 2.81 31.35 34.16 NOTE
r-devel-linux-x86_64-fedora-clang 0.2.2 63.04 NOTE
r-devel-linux-x86_64-fedora-gcc 0.2.2 53.72 NOTE
r-devel-windows-x86_64 0.2.2 6.00 61.00 67.00 NOTE
r-devel-windows-x86_64-gcc10-UCRT 0.2.2 NOTE
r-patched-linux-x86_64 0.2.2 3.62 38.38 42.00 NOTE
r-patched-solaris-x86 0.2.2 76.90 NOTE
r-release-linux-x86_64 0.2.2 2.41 38.26 40.67 NOTE
r-release-macos-arm64 0.2.2 NOTE
r-release-macos-x86_64 0.2.2 NOTE
r-release-windows-ix86+x86_64 0.2.2 7.00 57.00 64.00 NOTE
r-oldrel-macos-x86_64 0.2.2 OK
r-oldrel-windows-ix86+x86_64 0.2.2 4.00 7.00 11.00 ERROR

Check Details

Version: 0.2.2
Check: LazyData
Result: NOTE
     'LazyData' is specified without a 'data' directory
Flavors: r-devel-linux-x86_64-debian-clang, r-devel-linux-x86_64-debian-gcc, r-devel-linux-x86_64-fedora-clang, r-devel-linux-x86_64-fedora-gcc, r-devel-windows-x86_64, r-devel-windows-x86_64-gcc10-UCRT, r-patched-linux-x86_64, r-patched-solaris-x86, r-release-linux-x86_64, r-release-macos-arm64, r-release-macos-x86_64, r-release-windows-ix86+x86_64

Version: 0.2.2
Check: whether package can be installed
Result: ERROR
    Installation failed.
Flavor: r-oldrel-windows-ix86+x86_64