CRAN Package Check Results for Package cartograflow

Last updated on 2021-10-22 00:50:20 CEST.

Flavor Version Tinstall Tcheck Ttotal Status Flags
r-devel-linux-x86_64-debian-clang 1.0.3 10.50 108.85 119.35 OK
r-devel-linux-x86_64-debian-gcc 1.0.3 8.19 82.57 90.76 OK
r-devel-linux-x86_64-fedora-clang 1.0.3 161.09 OK
r-devel-linux-x86_64-fedora-gcc 1.0.3 145.04 OK
r-devel-windows-x86_64 1.0.3 26.00 172.00 198.00 OK
r-devel-windows-x86_64-gcc10-UCRT 1.0.3 ERROR
r-patched-linux-x86_64 1.0.3 10.09 101.70 111.79 OK
r-patched-solaris-x86 1.0.3 221.10 OK
r-release-linux-x86_64 1.0.3 10.72 102.27 112.99 OK
r-release-macos-arm64 1.0.3 OK
r-release-macos-x86_64 1.0.3 OK
r-release-windows-ix86+x86_64 1.0.3 25.00 169.00 194.00 OK
r-oldrel-macos-x86_64 1.0.3 OK
r-oldrel-windows-ix86+x86_64 1.0.3 35.00 170.00 205.00 OK

Check Details

Version: 1.0.3
Check: package dependencies
Result: ERROR
    Package required but not available: 'igraph'
    
    See section 'The DESCRIPTION file' in the 'Writing R Extensions'
    manual.
Flavor: r-devel-windows-x86_64-gcc10-UCRT